188.162.195.236 - - [02/Feb/2023:06:00:12 -0800] "GET / HTTP/1.1" 200 558 "http://google.co.il/url?q=http://gelios-stroi.ru" "Mozilla/5.0 (Windows NT 6.1; Win64; x64) AppleWebKit/537.36 (KHTML, like Gecko) Chrome/90.0.4427.0 Safari/537.36" "www.freehairsecrets.com"
188.162.195.236 - - [02/Feb/2023:06:00:14 -0800] "GET /logs/ HTTP/1.1" 403 239 "http://jump.pagecs.net/http://nt-remont.ru" "Mozilla/5.0 (Windows NT 10.0; Win64; x64) AppleWebKit/537.36 (KHTML, like Gecko) Chrome/90.0.4430.85 Safari/537.36 Edg/90.0.818.46" "www.freehairsecrets.com"
188.162.195.236 - - [02/Feb/2023:06:00:15 -0800] "GET / HTTP/1.1" 200 558 "http://jump.pagecs.net/http://nt-remont.ru" "Mozilla/5.0 (Windows NT 10.0; Win64; x64) AppleWebKit/537.36 (KHTML, like Gecko) Chrome/90.0.4430.85 Safari/537.36 Edg/90.0.818.46" "www.freehairsecrets.com"
188.162.195.236 - - [02/Feb/2023:06:00:17 -0800] "GET /logs/ HTTP/1.1" 403 239 "http://google.co.ug/url?q=http://urist-ltd.ru" "Mozilla/5.0 (Windows NT 6.1; WOW64) AppleWebKit/537.36 (KHTML, like Gecko) Chrome/90.0.4430.72 Safari/537.36" "www.freehairsecrets.com"
188.162.195.236 - - [02/Feb/2023:06:00:18 -0800] "GET / HTTP/1.1" 200 558 "http://google.co.ug/url?q=http://urist-ltd.ru" "Mozilla/5.0 (Windows NT 6.1; WOW64) AppleWebKit/537.36 (KHTML, like Gecko) Chrome/90.0.4430.72 Safari/537.36" "www.freehairsecrets.com"
49.7.21.90 - - [02/Feb/2023:06:05:46 -0800] "GET / HTTP/1.1" 200 329 "-" "Sogou web spider/4.0(+http://www.sogou.com/docs/help/webmasters.htm#07)" "www.freehairsecrets.com"
54.185.176.65 - - [02/Feb/2023:06:20:52 -0800] "GET / HTTP/1.1" 200 329 "-" "Mozilla/5.0 (X11; Linux x86_64) AppleWebKit/537.36 (KHTML, like Gecko) Chrome/83.0.4103.97 Safari/537.36" "freehairsecrets.com"
35.87.236.16 - - [02/Feb/2023:06:20:52 -0800] "GET / HTTP/1.1" 200 329 "-" "Mozilla/5.0 (X11; Linux x86_64) AppleWebKit/537.36 (KHTML, like Gecko) Chrome/83.0.4103.97 Safari/537.36" "freehairsecrets.com"
34.214.181.106 - - [02/Feb/2023:06:20:55 -0800] "GET /favicon.ico HTTP/1.1" 404 88 "-" "Mozilla/5.0 (X11; Linux x86_64) AppleWebKit/537.36 (KHTML, like Gecko) Chrome/83.0.4103.97 Safari/537.36" "freehairsecrets.com"
34.214.181.106 - - [02/Feb/2023:06:20:55 -0800] "GET / HTTP/1.1" 200 329 "-" "Mozilla/5.0 (X11; Linux x86_64) AppleWebKit/537.36 (KHTML, like Gecko) Chrome/83.0.4103.97 Safari/537.36" "freehairsecrets.com"
35.88.203.134 - - [02/Feb/2023:06:20:56 -0800] "GET /favicon.ico HTTP/1.1" 404 88 "-" "Mozilla/5.0 (X11; Linux x86_64) AppleWebKit/537.36 (KHTML, like Gecko) Chrome/83.0.4103.97 Safari/537.36" "freehairsecrets.com"
35.88.203.134 - - [02/Feb/2023:06:20:56 -0800] "GET / HTTP/1.1" 200 329 "-" "Mozilla/5.0 (X11; Linux x86_64) AppleWebKit/537.36 (KHTML, like Gecko) Chrome/83.0.4103.97 Safari/537.36" "freehairsecrets.com"
54.71.167.249 - - [02/Feb/2023:06:24:06 -0800] "GET / HTTP/1.1" 200 329 "-" "Mozilla/5.0 (X11; Linux x86_64) AppleWebKit/537.36 (KHTML, like Gecko) Chrome/83.0.4103.97 Safari/537.36" "freehairsecrets.com"
35.87.226.44 - - [02/Feb/2023:06:24:26 -0800] "GET /favicon.ico HTTP/1.1" 404 88 "-" "Mozilla/5.0 (X11; Linux x86_64) AppleWebKit/537.36 (KHTML, like Gecko) Chrome/83.0.4103.97 Safari/537.36" "freehairsecrets.com"
35.87.226.44 - - [02/Feb/2023:06:24:27 -0800] "GET / HTTP/1.1" 200 329 "-" "Mozilla/5.0 (X11; Linux x86_64) AppleWebKit/537.36 (KHTML, like Gecko) Chrome/83.0.4103.97 Safari/537.36" "freehairsecrets.com"
35.167.64.38 - - [02/Feb/2023:06:24:36 -0800] "GET / HTTP/1.1" 200 329 "-" "Mozilla/5.0 (X11; Linux x86_64) AppleWebKit/537.36 (KHTML, like Gecko) Chrome/83.0.4103.97 Safari/537.36" "freehairsecrets.com"
213.180.203.189 - - [02/Feb/2023:06:32:45 -0800] "GET / HTTP/1.1" 200 329 "-" "Mozilla/5.0 (compatible; YandexBot/3.0; +http://yandex.com/bots)" "www.freehairsecrets.com"
95.108.213.220 - - [02/Feb/2023:06:32:45 -0800] "GET / HTTP/1.1" 200 329 "-" "Mozilla/5.0 (compatible; YandexBot/3.0; +http://yandex.com/bots)" "freehairsecrets.com"
213.180.203.180 - - [02/Feb/2023:06:32:45 -0800] "GET / HTTP/1.1" 200 329 "-" "Mozilla/5.0 (compatible; YandexBot/3.0; +http://yandex.com/bots)" "www.freehairsecrets.com"
213.180.203.213 - - [02/Feb/2023:06:32:45 -0800] "GET / HTTP/1.1" 200 329 "-" "Mozilla/5.0 (compatible; YandexBot/3.0; +http://yandex.com/bots)" "freehairsecrets.com"
213.180.203.189 - - [02/Feb/2023:06:34:51 -0800] "GET / HTTP/1.1" 200 329 "-" "Mozilla/5.0 (compatible; YandexBot/3.0; +http://yandex.com/bots)" "www.freehairsecrets.com"
95.108.213.220 - - [02/Feb/2023:06:34:51 -0800] "GET / HTTP/1.1" 200 329 "-" "Mozilla/5.0 (compatible; YandexBot/3.0; +http://yandex.com/bots)" "freehairsecrets.com"
213.180.203.180 - - [02/Feb/2023:06:34:51 -0800] "GET / HTTP/1.1" 200 329 "-" "Mozilla/5.0 (compatible; YandexBot/3.0; +http://yandex.com/bots)" "www.freehairsecrets.com"
213.180.203.213 - - [02/Feb/2023:06:34:51 -0800] "GET / HTTP/1.1" 200 329 "-" "Mozilla/5.0 (compatible; YandexBot/3.0; +http://yandex.com/bots)" "freehairsecrets.com"
34.222.230.172 - - [02/Feb/2023:06:46:20 -0800] "GET / HTTP/1.1" 200 329 "-" "Mozilla/5.0 (Windows NT 10.0; Win64; x64)AppleWebKit/537.36 (KHTML, like Gecko) Chrome/66.0.3359.181 Safari/537.36" "freehairsecrets.com"
213.180.203.189 - - [02/Feb/2023:08:04:52 -0800] "GET /robots.txt HTTP/1.1" 404 73 "-" "Mozilla/5.0 (compatible; YandexBot/3.0; +http://yandex.com/bots)" "www.freehairsecrets.com"
95.108.213.220 - - [02/Feb/2023:08:04:52 -0800] "GET /robots.txt HTTP/1.1" 404 73 "-" "Mozilla/5.0 (compatible; YandexBot/3.0; +http://yandex.com/bots)" "freehairsecrets.com"
213.180.203.180 - - [02/Feb/2023:08:04:52 -0800] "GET /robots.txt HTTP/1.1" 404 73 "-" "Mozilla/5.0 (compatible; YandexBot/3.0; +http://yandex.com/bots)" "www.freehairsecrets.com"
213.180.203.213 - - [02/Feb/2023:08:04:53 -0800] "GET /robots.txt HTTP/1.1" 404 73 "-" "Mozilla/5.0 (compatible; YandexBot/3.0; +http://yandex.com/bots)" "freehairsecrets.com"
213.180.203.189 - - [02/Feb/2023:08:34:02 -0800] "GET / HTTP/1.1" 200 329 "-" "Mozilla/5.0 (compatible; YandexBot/3.0; +http://yandex.com/bots)" "www.freehairsecrets.com"
95.108.213.220 - - [02/Feb/2023:08:34:02 -0800] "GET / HTTP/1.1" 200 329 "-" "Mozilla/5.0 (compatible; YandexBot/3.0; +http://yandex.com/bots)" "freehairsecrets.com"
213.180.203.180 - - [02/Feb/2023:08:34:02 -0800] "GET / HTTP/1.1" 200 329 "-" "Mozilla/5.0 (compatible; YandexBot/3.0; +http://yandex.com/bots)" "www.freehairsecrets.com"
213.180.203.213 - - [02/Feb/2023:08:34:02 -0800] "GET / HTTP/1.1" 200 329 "-" "Mozilla/5.0 (compatible; YandexBot/3.0; +http://yandex.com/bots)" "freehairsecrets.com"
188.162.195.236 - - [02/Feb/2023:08:42:42 -0800] "GET /logs/ HTTP/1.1" 403 239 "http://www.mirtruda.ru/out/yursentr.ru" "Mozilla/5.0 (Windows NT 10.0; Win64; x64) AppleWebKit/537.36 (KHTML, like Gecko) Chrome/90.0.4430.93 Safari/537.36" "www.freehairsecrets.com"
188.162.195.236 - - [02/Feb/2023:08:42:44 -0800] "GET / HTTP/1.1" 200 558 "http://www.mirtruda.ru/out/yursentr.ru" "Mozilla/5.0 (Windows NT 10.0; Win64; x64) AppleWebKit/537.36 (KHTML, like Gecko) Chrome/90.0.4430.93 Safari/537.36" "www.freehairsecrets.com"
188.162.195.236 - - [02/Feb/2023:08:42:47 -0800] "GET /logs/ HTTP/1.1" 403 239 "http://www.google.fi/url?q=http://\xd1\x80\xd0\xb5\xd0\xb3\xd0\xb8\xd1\x81\xd1\x82\xd1\x80\xd0\xb0\xd1\x86\xd0\xb8\xd1\x8f-\xd1\x84\xd0\xb8\xd1\x80\xd0\xbc.\xd1\x80\xd1\x84" "Mozilla/5.0 (Windows NT 6.2; Win64; x64) AppleWebKit/537.36 (KHTML, like Gecko) Chrome/90.0.4430.93 Safari/537.36" "www.freehairsecrets.com"
188.162.195.236 - - [02/Feb/2023:08:42:48 -0800] "GET / HTTP/1.1" 200 558 "http://www.google.fi/url?q=http://\xd1\x80\xd0\xb5\xd0\xb3\xd0\xb8\xd1\x81\xd1\x82\xd1\x80\xd0\xb0\xd1\x86\xd0\xb8\xd1\x8f-\xd1\x84\xd0\xb8\xd1\x80\xd0\xbc.\xd1\x80\xd1\x84" "Mozilla/5.0 (Windows NT 6.2; Win64; x64) AppleWebKit/537.36 (KHTML, like Gecko) Chrome/90.0.4430.93 Safari/537.36" "www.freehairsecrets.com"
188.162.195.236 - - [02/Feb/2023:08:42:51 -0800] "GET /logs/ HTTP/1.1" 403 239 "https://www.google.tk/url?q=http://gelios-stroi.ru" "Mozilla/5.0 (Windows NT 10.0) AppleWebKit/537.36 (KHTML, like Gecko) Chrome/90.0.4430.85 Safari/537.36 Edg/90.0.818.46" "www.freehairsecrets.com"
188.162.195.236 - - [02/Feb/2023:08:42:52 -0800] "GET / HTTP/1.1" 200 558 "https://www.google.tk/url?q=http://gelios-stroi.ru" "Mozilla/5.0 (Windows NT 10.0) AppleWebKit/537.36 (KHTML, like Gecko) Chrome/90.0.4430.85 Safari/537.36 Edg/90.0.818.46" "www.freehairsecrets.com"
61.135.159.196 - - [02/Feb/2023:09:08:38 -0800] "GET / HTTP/1.1" 200 329 "-" "Sogou web spider/4.0(+http://www.sogou.com/docs/help/webmasters.htm#07)" "www.freehairsecrets.com"
193.56.254.114 - - [02/Feb/2023:09:32:02 -0800] "GET /archivarix.cms.php HTTP/1.1" 404 88 "-" "Mozilla/4.0 (compatible; MSIE 6.0; Windows NT 5.1; SV1)" "freehairsecrets.com"
24.199.126.174 - - [02/Feb/2023:10:43:41 -0800] "GET / HTTP/1.1" 200 329 "-" "python-requests/2.26.0" "freehairsecrets.com"
188.162.195.236 - - [02/Feb/2023:12:40:58 -0800] "GET /logs/ HTTP/1.1" 403 239 "http://google.com.sl/url?q=http://artformat-iv.ru" "Mozilla/5.0 (Windows NT 6.1; Win64; x64) AppleWebKit/537.36 (KHTML, like Gecko) Chrome/90.0.4430.85 Safari/537.36" "www.freehairsecrets.com"
188.162.195.236 - - [02/Feb/2023:12:40:58 -0800] "GET / HTTP/1.1" 200 558 "http://google.com.sl/url?q=http://artformat-iv.ru" "Mozilla/5.0 (Windows NT 6.1; Win64; x64) AppleWebKit/537.36 (KHTML, like Gecko) Chrome/90.0.4430.85 Safari/537.36" "www.freehairsecrets.com"
188.162.195.236 - - [02/Feb/2023:12:41:01 -0800] "GET /logs/ HTTP/1.1" 403 239 "https://google.co.il/url?q=http://393218.ru" "Mozilla/5.0 (Windows NT 6.1; Win64; x64) AppleWebKit/537.36 (KHTML, like Gecko) Chrome/90.0.4430.72 Safari/537.36" "www.freehairsecrets.com"
188.162.195.236 - - [02/Feb/2023:12:41:01 -0800] "GET / HTTP/1.1" 200 558 "https://google.co.il/url?q=http://393218.ru" "Mozilla/5.0 (Windows NT 6.1; Win64; x64) AppleWebKit/537.36 (KHTML, like Gecko) Chrome/90.0.4430.72 Safari/537.36" "www.freehairsecrets.com"
188.162.195.236 - - [02/Feb/2023:12:41:04 -0800] "GET /logs/ HTTP/1.1" 403 239 "http://actontv.org/?URL=metallmania.ru" "Mozilla/5.0 (Windows NT 6.1; WOW64) AppleWebKit/537.36 (KHTML, like Gecko) Chrome/90.0.4430.93 Safari/537.36" "www.freehairsecrets.com"
188.162.195.236 - - [02/Feb/2023:12:41:04 -0800] "GET / HTTP/1.1" 200 558 "http://actontv.org/?URL=metallmania.ru" "Mozilla/5.0 (Windows NT 6.1; WOW64) AppleWebKit/537.36 (KHTML, like Gecko) Chrome/90.0.4430.93 Safari/537.36" "www.freehairsecrets.com"
193.235.141.143 - - [02/Feb/2023:12:45:00 -0800] "GET / HTTP/1.1" 200 329 "-" "Mozilla/5.0 (Windows NT 10.0; Win64; x64) AppleWebKit/537.36 (KHTML, like Gecko) Chrome/105.0.0.0 Safari/537.36" "freehairsecrets.com"
193.235.141.143 - - [02/Feb/2023:12:45:01 -0800] "GET /favicon.ico HTTP/1.1" 404 88 "-" "Mozilla/5.0 (Windows NT 10.0; Win64; x64) AppleWebKit/537.36 (KHTML, like Gecko) Chrome/105.0.0.0 Safari/537.36" "freehairsecrets.com"
188.162.195.236 - - [02/Feb/2023:13:06:29 -0800] "GET /logs/ HTTP/1.1" 403 239 "http://www.pokerkaki.com/?URL=okna-uga.ru" "Mozilla/5.0 (Windows NT 10.0; Win64; x64) AppleWebKit/537.36 (KHTML, like Gecko) Chrome/90.0.4430.85 Safari/537.36 Edg/90.0.818.46" "www.freehairsecrets.com"
188.162.195.236 - - [02/Feb/2023:13:06:29 -0800] "GET / HTTP/1.1" 200 558 "http://www.pokerkaki.com/?URL=okna-uga.ru" "Mozilla/5.0 (Windows NT 10.0; Win64; x64) AppleWebKit/537.36 (KHTML, like Gecko) Chrome/90.0.4430.85 Safari/537.36 Edg/90.0.818.46" "www.freehairsecrets.com"
188.162.195.236 - - [02/Feb/2023:13:06:32 -0800] "GET /logs/ HTTP/1.1" 403 239 "http://www.google.tg/url?q=http://prim-dosaaf.ru" "Mozilla/5.0 (Windows NT 10.0; Win64; x64) AppleWebKit/537.36 (KHTML, like Gecko) Chrome/90.0.4430.85 Safari/537.36 Edg/90.0.818.46" "www.freehairsecrets.com"
188.162.195.236 - - [02/Feb/2023:13:06:32 -0800] "GET / HTTP/1.1" 200 558 "http://www.google.tg/url?q=http://prim-dosaaf.ru" "Mozilla/5.0 (Windows NT 10.0; Win64; x64) AppleWebKit/537.36 (KHTML, like Gecko) Chrome/90.0.4430.85 Safari/537.36 Edg/90.0.818.46" "www.freehairsecrets.com"
188.162.195.236 - - [02/Feb/2023:13:06:35 -0800] "GET /logs/ HTTP/1.1" 403 239 "http://google.is/url?q=http://floor-faq.ru" "Mozilla/5.0 (Windows NT 6.1; Win64; x64) AppleWebKit/537.36 (KHTML, like Gecko) Chrome/90.0.4430.72 Safari/537.36" "www.freehairsecrets.com"
188.162.195.236 - - [02/Feb/2023:13:06:35 -0800] "GET / HTTP/1.1" 200 558 "http://google.is/url?q=http://floor-faq.ru" "Mozilla/5.0 (Windows NT 6.1; Win64; x64) AppleWebKit/537.36 (KHTML, like Gecko) Chrome/90.0.4430.72 Safari/537.36" "www.freehairsecrets.com"
188.162.195.236 - - [02/Feb/2023:13:21:48 -0800] "GET /logs/ HTTP/1.1" 403 239 "https://rivannamusic.com/?URL=pravvd.ru" "Mozilla/5.0 (Windows NT 10.0; Win64; x64) AppleWebKit/537.36 (KHTML, like Gecko) Chrome/90.0.4430.93 Safari/537.36" "www.freehairsecrets.com"
188.162.195.236 - - [02/Feb/2023:13:21:49 -0800] "GET / HTTP/1.1" 200 558 "https://rivannamusic.com/?URL=pravvd.ru" "Mozilla/5.0 (Windows NT 10.0; Win64; x64) AppleWebKit/537.36 (KHTML, like Gecko) Chrome/90.0.4430.93 Safari/537.36" "www.freehairsecrets.com"
188.162.195.236 - - [02/Feb/2023:13:21:52 -0800] "GET /logs/ HTTP/1.1" 403 239 "http://google.co.il/url?q=http://\xd0\xbe\xd1\x82\xd0\xba\xd1\x80\xd1\x8b\xd1\x82\xd0\xb8\xd0\xb5-\xd0\xbe\xd0\xbe\xd0\xbe.\xd1\x80\xd1\x84" "Mozilla/5.0 (Windows NT 6.1) AppleWebKit/537.36 (KHTML, like Gecko) Chrome/90.0.4430.93 Safari/537.36" "www.freehairsecrets.com"
188.162.195.236 - - [02/Feb/2023:13:21:52 -0800] "GET / HTTP/1.1" 200 558 "http://google.co.il/url?q=http://\xd0\xbe\xd1\x82\xd0\xba\xd1\x80\xd1\x8b\xd1\x82\xd0\xb8\xd0\xb5-\xd0\xbe\xd0\xbe\xd0\xbe.\xd1\x80\xd1\x84" "Mozilla/5.0 (Windows NT 6.1) AppleWebKit/537.36 (KHTML, like Gecko) Chrome/90.0.4430.93 Safari/537.36" "www.freehairsecrets.com"
188.162.195.236 - - [02/Feb/2023:13:21:55 -0800] "GET /logs/ HTTP/1.1" 403 239 "http://maps.google.lk/url?q=https://oknor.ru" "Mozilla/5.0 (Windows NT 10.0; Win64; x64) AppleWebKit/537.36 (KHTML, like Gecko) Chrome/90.0.4430.72 Safari/537.36 Edg/90.0.818.39" "www.freehairsecrets.com"
188.162.195.236 - - [02/Feb/2023:13:21:55 -0800] "GET / HTTP/1.1" 200 558 "http://maps.google.lk/url?q=https://oknor.ru" "Mozilla/5.0 (Windows NT 10.0; Win64; x64) AppleWebKit/537.36 (KHTML, like Gecko) Chrome/90.0.4430.72 Safari/537.36 Edg/90.0.818.39" "www.freehairsecrets.com"
188.162.195.236 - - [02/Feb/2023:14:13:37 -0800] "GET /logs/ HTTP/1.1" 403 239 "https://google.tm/url?q=http://\xd1\x80\xd0\xb5\xd0\xbc\xd0\xbe\xd0\xbd\xd1\x82-\xd0\xba\xd0\xb2\xd0\xb0\xd1\x80\xd1\x82\xd0\xb8\xd1\x80-16.\xd1\x80\xd1\x84" "Mozilla/5.0 (Windows NT 6.1) AppleWebKit/537.36 (KHTML, like Gecko) Chrome/90.0.4430.72 Safari/537.36" "www.freehairsecrets.com"
188.162.195.236 - - [02/Feb/2023:14:13:37 -0800] "GET / HTTP/1.1" 200 558 "https://google.tm/url?q=http://\xd1\x80\xd0\xb5\xd0\xbc\xd0\xbe\xd0\xbd\xd1\x82-\xd0\xba\xd0\xb2\xd0\xb0\xd1\x80\xd1\x82\xd0\xb8\xd1\x80-16.\xd1\x80\xd1\x84" "Mozilla/5.0 (Windows NT 6.1) AppleWebKit/537.36 (KHTML, like Gecko) Chrome/90.0.4430.72 Safari/537.36" "www.freehairsecrets.com"
188.162.195.236 - - [02/Feb/2023:14:13:40 -0800] "GET /logs/ HTTP/1.1" 403 239 "https://google.iq/url?q=http://prommetsnab.ru" "Mozilla/5.0 (Windows NT 10.0; WOW64) AppleWebKit/537.36 (KHTML, like Gecko) Chrome/90.0.4430.93 Safari/537.36" "www.freehairsecrets.com"
188.162.195.236 - - [02/Feb/2023:14:13:41 -0800] "GET / HTTP/1.1" 200 558 "https://google.iq/url?q=http://prommetsnab.ru" "Mozilla/5.0 (Windows NT 10.0; WOW64) AppleWebKit/537.36 (KHTML, like Gecko) Chrome/90.0.4430.93 Safari/537.36" "www.freehairsecrets.com"
188.162.195.236 - - [02/Feb/2023:14:13:43 -0800] "GET /logs/ HTTP/1.1" 403 239 "http://maps.google.lk/url?q=https://nt-remont.ru" "Mozilla/5.0 (Windows NT 10.0; Win64; x64) AppleWebKit/537.36 (KHTML, like Gecko) Chrome/90.0.4430.72 Safari/537.36" "www.freehairsecrets.com"
188.162.195.236 - - [02/Feb/2023:14:13:44 -0800] "GET / HTTP/1.1" 200 558 "http://maps.google.lk/url?q=https://nt-remont.ru" "Mozilla/5.0 (Windows NT 10.0; Win64; x64) AppleWebKit/537.36 (KHTML, like Gecko) Chrome/90.0.4430.72 Safari/537.36" "www.freehairsecrets.com"
89.58.30.164 - - [02/Feb/2023:14:15:32 -0800] "GET / HTTP/1.1" 200 329 "https://www.google.com" "Mozilla/5.0 (Windows; U; Windows NT 6.1; en-GB) AppleWebKit/534.1 (KHTML, like Gecko) Chrome/6.0.428.0 Safari/534.1" "freehairsecrets.com"
61.135.159.152 - - [02/Feb/2023:15:11:03 -0800] "GET / HTTP/1.1" 200 329 "-" "Sogou web spider/4.0(+http://www.sogou.com/docs/help/webmasters.htm#07)" "www.freehairsecrets.com"
114.119.156.251 - - [02/Feb/2023:15:13:13 -0800] "GET /robots.txt HTTP/1.1" 404 88 "-" "Mozilla/5.0 (compatible;PetalBot;+https://webmaster.petalsearch.com/site/petalbot)" "freehairsecrets.com"
188.162.195.236 - - [02/Feb/2023:16:00:34 -0800] "GET /logs/ HTTP/1.1" 403 239 "http://www.websiteoutlook.com/www.bankrot-52.ru" "Mozilla/5.0 (Windows NT 6.1; Win64; x64) AppleWebKit/537.36 (KHTML, like Gecko) Chrome/90.0.4430.85 Safari/537.36" "www.freehairsecrets.com"
188.162.195.236 - - [02/Feb/2023:16:00:35 -0800] "GET / HTTP/1.1" 200 558 "http://www.websiteoutlook.com/www.bankrot-52.ru" "Mozilla/5.0 (Windows NT 6.1; Win64; x64) AppleWebKit/537.36 (KHTML, like Gecko) Chrome/90.0.4430.85 Safari/537.36" "www.freehairsecrets.com"
188.162.195.236 - - [02/Feb/2023:16:00:37 -0800] "GET /logs/ HTTP/1.1" 403 239 "http://www.mn2020.org/?URL=spasha.ru" "Mozilla/5.0 (Windows NT 10.0; Win64; x64) AppleWebKit/537.36 (KHTML, like Gecko) Chrome/90.0.4430.72 Safari/537.36 Edg/90.0.818.42" "www.freehairsecrets.com"
188.162.195.236 - - [02/Feb/2023:16:00:38 -0800] "GET / HTTP/1.1" 200 558 "http://www.mn2020.org/?URL=spasha.ru" "Mozilla/5.0 (Windows NT 10.0; Win64; x64) AppleWebKit/537.36 (KHTML, like Gecko) Chrome/90.0.4430.72 Safari/537.36 Edg/90.0.818.42" "www.freehairsecrets.com"
188.162.195.236 - - [02/Feb/2023:16:00:40 -0800] "GET /logs/ HTTP/1.1" 403 239 "http://tyuz.ru/links.php?go=http://artformat-iv.ru" "Mozilla/5.0 (Windows NT 6.3; Win64; x64) AppleWebKit/537.36 (KHTML, like Gecko) Chrome/90.0.4430.85 Safari/537.36 Edg/90.0.818.46" "www.freehairsecrets.com"
188.162.195.236 - - [02/Feb/2023:16:00:41 -0800] "GET / HTTP/1.1" 200 558 "http://tyuz.ru/links.php?go=http://artformat-iv.ru" "Mozilla/5.0 (Windows NT 6.3; Win64; x64) AppleWebKit/537.36 (KHTML, like Gecko) Chrome/90.0.4430.85 Safari/537.36 Edg/90.0.818.46" "www.freehairsecrets.com"
188.162.195.236 - - [02/Feb/2023:16:01:00 -0800] "GET /logs/ HTTP/1.1" 403 239 "https://google.so/url?q=http://bankrot-52.ru" "Mozilla/5.0 (Windows NT 6.1) AppleWebKit/537.36 (KHTML, like Gecko) Chrome/90.0.4430.93 Safari/537.36" "www.freehairsecrets.com"
188.162.195.236 - - [02/Feb/2023:16:01:01 -0800] "GET / HTTP/1.1" 200 558 "https://google.so/url?q=http://bankrot-52.ru" "Mozilla/5.0 (Windows NT 6.1) AppleWebKit/537.36 (KHTML, like Gecko) Chrome/90.0.4430.93 Safari/537.36" "www.freehairsecrets.com"
188.162.195.236 - - [02/Feb/2023:16:01:03 -0800] "GET /logs/ HTTP/1.1" 403 239 "https://teron.online/go/?http://\xd1\x80\xd0\xb5\xd0\xb3\xd0\xb8\xd1\x81\xd1\x82\xd1\x80\xd0\xb0\xd1\x86\xd0\xb8\xd1\x8f-\xd1\x84\xd0\xb8\xd1\x80\xd0\xbc\xd1\x8b.su" "Mozilla/5.0 (Windows NT 6.1; WOW64) AppleWebKit/537.36 (KHTML, like Gecko) Chrome/90.0.4430.93 Safari/537.36" "www.freehairsecrets.com"
188.162.195.236 - - [02/Feb/2023:16:01:04 -0800] "GET / HTTP/1.1" 200 558 "https://teron.online/go/?http://\xd1\x80\xd0\xb5\xd0\xb3\xd0\xb8\xd1\x81\xd1\x82\xd1\x80\xd0\xb0\xd1\x86\xd0\xb8\xd1\x8f-\xd1\x84\xd0\xb8\xd1\x80\xd0\xbc\xd1\x8b.su" "Mozilla/5.0 (Windows NT 6.1; WOW64) AppleWebKit/537.36 (KHTML, like Gecko) Chrome/90.0.4430.93 Safari/537.36" "www.freehairsecrets.com"
188.162.195.236 - - [02/Feb/2023:16:01:06 -0800] "GET /logs/ HTTP/1.1" 403 239 "http://www.baschi.de/url?q=http://metallmania.ru" "Mozilla/5.0 (Windows NT 6.3; Win64; x64) AppleWebKit/537.36 (KHTML, like Gecko) Chrome/90.0.4430.85 Safari/537.36 Edg/90.0.818.46" "www.freehairsecrets.com"
188.162.195.236 - - [02/Feb/2023:16:01:07 -0800] "GET / HTTP/1.1" 200 558 "http://www.baschi.de/url?q=http://metallmania.ru" "Mozilla/5.0 (Windows NT 6.3; Win64; x64) AppleWebKit/537.36 (KHTML, like Gecko) Chrome/90.0.4430.85 Safari/537.36 Edg/90.0.818.46" "www.freehairsecrets.com"
54.36.149.85 - - [02/Feb/2023:16:26:42 -0800] "GET /robots.txt HTTP/1.1" 404 88 "-" "Mozilla/5.0 (compatible; AhrefsBot/7.0; +http://ahrefs.com/robot/)" "www.freehairsecrets.com"
138.246.253.24 - - [02/Feb/2023:16:27:08 -0800] "GET /robots.txt HTTP/1.1" 404 73 "-" "Mozilla/5.0 (Windows NT 10.0; Win64; x64) AppleWebKit/537.36 (KHTML, like Gecko) Chrome/103.0.5060.134 Safari/537.36" "freehairsecrets.com"
188.162.39.139 - - [02/Feb/2023:17:02:43 -0800] "GET /logs/ HTTP/1.1" 403 239 "https://www.google.vu/url?q=http://\xd1\x80\xd0\xb5\xd0\xbc\xd0\xbe\xd0\xbd\xd1\x82-\xd0\xba\xd0\xb2\xd0\xb0\xd1\x80\xd1\x82\xd0\xb8\xd1\x80-16.\xd1\x80\xd1\x84" "Mozilla/5.0 (Windows NT 10.0; WOW64) AppleWebKit/537.36 (KHTML, like Gecko) Chrome/90.0.4400.8 Safari/537.36" "www.freehairsecrets.com"
188.162.39.139 - - [02/Feb/2023:17:02:43 -0800] "GET / HTTP/1.1" 200 558 "https://www.google.vu/url?q=http://\xd1\x80\xd0\xb5\xd0\xbc\xd0\xbe\xd0\xbd\xd1\x82-\xd0\xba\xd0\xb2\xd0\xb0\xd1\x80\xd1\x82\xd0\xb8\xd1\x80-16.\xd1\x80\xd1\x84" "Mozilla/5.0 (Windows NT 10.0; WOW64) AppleWebKit/537.36 (KHTML, like Gecko) Chrome/90.0.4400.8 Safari/537.36" "www.freehairsecrets.com"
188.162.39.139 - - [02/Feb/2023:17:02:46 -0800] "GET /logs/ HTTP/1.1" 403 239 "https://google.cg/url?q=http://artformat-iv.ru" "Mozilla/5.0 (Windows NT 10.0) AppleWebKit/537.36 (KHTML, like Gecko) Chrome/90.0.4430.93 Safari/537.36" "www.freehairsecrets.com"
188.162.39.139 - - [02/Feb/2023:17:02:46 -0800] "GET / HTTP/1.1" 200 558 "https://google.cg/url?q=http://artformat-iv.ru" "Mozilla/5.0 (Windows NT 10.0) AppleWebKit/537.36 (KHTML, like Gecko) Chrome/90.0.4430.93 Safari/537.36" "www.freehairsecrets.com"
188.162.39.139 - - [02/Feb/2023:17:02:49 -0800] "GET /logs/ HTTP/1.1" 403 239 "http://google.la/url?q=http://uspeh174.ru" "Mozilla/5.0 (Windows NT 10.0; Win64; x64) AppleWebKit/537.36 (KHTML, like Gecko) Chrome/90.0.4430.72 Safari/537.36 Edg/90.0.818.39" "www.freehairsecrets.com"
188.162.39.139 - - [02/Feb/2023:17:02:49 -0800] "GET / HTTP/1.1" 200 558 "http://google.la/url?q=http://uspeh174.ru" "Mozilla/5.0 (Windows NT 10.0; Win64; x64) AppleWebKit/537.36 (KHTML, like Gecko) Chrome/90.0.4430.72 Safari/537.36 Edg/90.0.818.39" "www.freehairsecrets.com"
54.36.148.100 - - [02/Feb/2023:17:22:03 -0800] "GET /robots.txt HTTP/1.1" 404 88 "-" "Mozilla/5.0 (compatible; AhrefsBot/7.0; +http://ahrefs.com/robot/)" "freehairsecrets.com"
51.222.253.18 - - [02/Feb/2023:17:22:06 -0800] "GET / HTTP/1.1" 200 329 "-" "Mozilla/5.0 (compatible; AhrefsBot/7.0; +http://ahrefs.com/robot/)" "freehairsecrets.com"
78.141.218.140 - - [02/Feb/2023:17:27:43 -0800] "GET /vendor/phpunit/phpunit/phpunit.xsd HTTP/1.1" 404 88 "-" "Mozilla/5.0 (X11; Linux x86_64; rv:52.0) Gecko/20100101 Firefox/52.0" "freehairsecrets.com"
188.162.39.139 - - [02/Feb/2023:17:56:07 -0800] "GET /logs/ HTTP/1.1" 403 239 "http://google.com.pg/url?q=http://rlskrsk.ru" "Mozilla/5.0 (Windows NT 10.0; Win64; x64) AppleWebKit/537.36 (KHTML, like Gecko) Chrome/90.0.4430.72 Safari/537.36" "www.freehairsecrets.com"
188.162.39.139 - - [02/Feb/2023:17:56:08 -0800] "GET / HTTP/1.1" 200 558 "http://google.com.pg/url?q=http://rlskrsk.ru" "Mozilla/5.0 (Windows NT 10.0; Win64; x64) AppleWebKit/537.36 (KHTML, like Gecko) Chrome/90.0.4430.72 Safari/537.36" "www.freehairsecrets.com"
188.162.39.139 - - [02/Feb/2023:17:56:11 -0800] "GET /logs/ HTTP/1.1" 403 239 "https://google.dj/url?q=http://popstroy.ru" "Mozilla/5.0 (Windows NT 6.1; WOW64) AppleWebKit/537.36 (KHTML, like Gecko) Chrome/90.0.4430.93 Safari/537.36" "www.freehairsecrets.com"
188.162.39.139 - - [02/Feb/2023:17:56:11 -0800] "GET / HTTP/1.1" 200 558 "https://google.dj/url?q=http://popstroy.ru" "Mozilla/5.0 (Windows NT 6.1; WOW64) AppleWebKit/537.36 (KHTML, like Gecko) Chrome/90.0.4430.93 Safari/537.36" "www.freehairsecrets.com"
188.162.39.139 - - [02/Feb/2023:17:56:14 -0800] "GET /logs/ HTTP/1.1" 403 239 "http://google.at/url?q=http://mir-dizajna.ru" "Mozilla/5.0 (Windows NT 6.3; Win64; x64) AppleWebKit/537.36 (KHTML, like Gecko) Chrome/90.0.4430.72 Safari/537.36" "www.freehairsecrets.com"
188.162.39.139 - - [02/Feb/2023:17:56:14 -0800] "GET / HTTP/1.1" 200 558 "http://google.at/url?q=http://mir-dizajna.ru" "Mozilla/5.0 (Windows NT 6.3; Win64; x64) AppleWebKit/537.36 (KHTML, like Gecko) Chrome/90.0.4430.72 Safari/537.36" "www.freehairsecrets.com"
114.119.145.86 - - [02/Feb/2023:17:59:21 -0800] "GET /robots.txt HTTP/1.1" 404 88 "-" "Mozilla/5.0 (compatible;PetalBot;+https://webmaster.petalsearch.com/site/petalbot)" "freehairsecrets.com"
188.162.39.139 - - [02/Feb/2023:18:38:52 -0800] "GET /logs/ HTTP/1.1" 403 239 "http://maps.google.ms/url?q=https://yursentr.ru" "Mozilla/5.0 (Windows NT 6.3; Win64; x64) AppleWebKit/537.36 (KHTML, like Gecko) Chrome/90.0.4430.85 Safari/537.36" "www.freehairsecrets.com"
188.162.39.139 - - [02/Feb/2023:18:38:52 -0800] "GET / HTTP/1.1" 200 558 "http://maps.google.ms/url?q=https://yursentr.ru" "Mozilla/5.0 (Windows NT 6.3; Win64; x64) AppleWebKit/537.36 (KHTML, like Gecko) Chrome/90.0.4430.85 Safari/537.36" "www.freehairsecrets.com"
188.162.39.139 - - [02/Feb/2023:18:38:55 -0800] "GET /logs/ HTTP/1.1" 403 239 "https://google.es/url?q=http://bankrot-52.ru" "Mozilla/5.0 (Windows NT 6.3; Win64; x64) AppleWebKit/537.36 (KHTML, like Gecko) Chrome/90.0.4430.85 Safari/537.36 Edg/90.0.818.46" "www.freehairsecrets.com"
188.162.39.139 - - [02/Feb/2023:18:38:55 -0800] "GET / HTTP/1.1" 200 558 "https://google.es/url?q=http://bankrot-52.ru" "Mozilla/5.0 (Windows NT 6.3; Win64; x64) AppleWebKit/537.36 (KHTML, like Gecko) Chrome/90.0.4430.85 Safari/537.36 Edg/90.0.818.46" "www.freehairsecrets.com"
188.162.39.139 - - [02/Feb/2023:18:38:58 -0800] "GET /logs/ HTTP/1.1" 403 239 "http://www.mmnt.org/cat/rp/bankrot-52.ru" "Mozilla/5.0 (Windows NT 10.0) AppleWebKit/537.36 (KHTML, like Gecko) Chrome/90.0.4430.85 Safari/537.36" "www.freehairsecrets.com"
188.162.39.139 - - [02/Feb/2023:18:38:58 -0800] "GET / HTTP/1.1" 200 558 "http://www.mmnt.org/cat/rp/bankrot-52.ru" "Mozilla/5.0 (Windows NT 10.0) AppleWebKit/537.36 (KHTML, like Gecko) Chrome/90.0.4430.85 Safari/537.36" "www.freehairsecrets.com"
185.225.73.165 - - [02/Feb/2023:19:24:39 -0800] "POST / HTTP/1.1" 404 88 "-" "Mozilla/5.0 (X11; Linux x86_64) AppleWebKit/537.36 (KHTML, like Gecko) Chrome/81.0.4044.129 Safari/537.36" "freehairsecrets.com"
137.184.30.75 - - [02/Feb/2023:19:38:15 -0800] "GET / HTTP/1.1" 200 558 "-" "Mozilla/5.0 (Windows NT 10.0; Win64; x64) AppleWebKit/537.36 (KHTML, like Gecko) Chrome/95.0.4638.69 Safari/537.36" "freehairsecrets.com"
137.184.30.75 - - [02/Feb/2023:19:38:15 -0800] "GET /wp-includes/ID3/license.txt HTTP/1.1" 404 73 "-" "Mozilla/5.0 (Windows NT 10.0; Win64; x64) AppleWebKit/537.36 (KHTML, like Gecko) Chrome/95.0.4638.69 Safari/537.36" "freehairsecrets.com"
137.184.30.75 - - [02/Feb/2023:19:38:15 -0800] "GET /feed/ HTTP/1.1" 404 73 "-" "Mozilla/5.0 (Windows NT 10.0; Win64; x64) AppleWebKit/537.36 (KHTML, like Gecko) Chrome/95.0.4638.69 Safari/537.36" "freehairsecrets.com"
137.184.30.75 - - [02/Feb/2023:19:38:15 -0800] "GET /xmlrpc.php?rsd HTTP/1.1" 500 4955 "-" "Mozilla/5.0 (Windows NT 10.0; Win64; x64) AppleWebKit/537.36 (KHTML, like Gecko) Chrome/95.0.4638.69 Safari/537.36" "freehairsecrets.com"
137.184.30.75 - - [02/Feb/2023:19:38:16 -0800] "GET /blog/wp-includes/wlwmanifest.xml HTTP/1.1" 404 73 "-" "Mozilla/5.0 (Windows NT 10.0; Win64; x64) AppleWebKit/537.36 (KHTML, like Gecko) Chrome/95.0.4638.69 Safari/537.36" "freehairsecrets.com"
137.184.30.75 - - [02/Feb/2023:19:38:16 -0800] "GET /web/wp-includes/wlwmanifest.xml HTTP/1.1" 404 73 "-" "Mozilla/5.0 (Windows NT 10.0; Win64; x64) AppleWebKit/537.36 (KHTML, like Gecko) Chrome/95.0.4638.69 Safari/537.36" "freehairsecrets.com"
137.184.30.75 - - [02/Feb/2023:19:38:16 -0800] "GET /wordpress/wp-includes/wlwmanifest.xml HTTP/1.1" 404 73 "-" "Mozilla/5.0 (Windows NT 10.0; Win64; x64) AppleWebKit/537.36 (KHTML, like Gecko) Chrome/95.0.4638.69 Safari/537.36" "freehairsecrets.com"
137.184.30.75 - - [02/Feb/2023:19:38:16 -0800] "GET /wp/wp-includes/wlwmanifest.xml HTTP/1.1" 404 73 "-" "Mozilla/5.0 (Windows NT 10.0; Win64; x64) AppleWebKit/537.36 (KHTML, like Gecko) Chrome/95.0.4638.69 Safari/537.36" "freehairsecrets.com"
137.184.30.75 - - [02/Feb/2023:19:38:16 -0800] "GET /2020/wp-includes/wlwmanifest.xml HTTP/1.1" 404 73 "-" "Mozilla/5.0 (Windows NT 10.0; Win64; x64) AppleWebKit/537.36 (KHTML, like Gecko) Chrome/95.0.4638.69 Safari/537.36" "freehairsecrets.com"
137.184.30.75 - - [02/Feb/2023:19:38:16 -0800] "GET /2019/wp-includes/wlwmanifest.xml HTTP/1.1" 404 73 "-" "Mozilla/5.0 (Windows NT 10.0; Win64; x64) AppleWebKit/537.36 (KHTML, like Gecko) Chrome/95.0.4638.69 Safari/537.36" "freehairsecrets.com"
137.184.30.75 - - [02/Feb/2023:19:38:17 -0800] "GET /2021/wp-includes/wlwmanifest.xml HTTP/1.1" 404 73 "-" "Mozilla/5.0 (Windows NT 10.0; Win64; x64) AppleWebKit/537.36 (KHTML, like Gecko) Chrome/95.0.4638.69 Safari/537.36" "freehairsecrets.com"
137.184.30.75 - - [02/Feb/2023:19:38:28 -0800] "GET /shop/wp-includes/wlwmanifest.xml HTTP/1.1" 404 73 "-" "Mozilla/5.0 (Windows NT 10.0; Win64; x64) AppleWebKit/537.36 (KHTML, like Gecko) Chrome/95.0.4638.69 Safari/537.36" "freehairsecrets.com"
137.184.30.75 - - [02/Feb/2023:19:38:29 -0800] "GET /wp1/wp-includes/wlwmanifest.xml HTTP/1.1" 404 73 "-" "Mozilla/5.0 (Windows NT 10.0; Win64; x64) AppleWebKit/537.36 (KHTML, like Gecko) Chrome/95.0.4638.69 Safari/537.36" "freehairsecrets.com"
137.184.30.75 - - [02/Feb/2023:19:38:29 -0800] "GET /test/wp-includes/wlwmanifest.xml HTTP/1.1" 404 73 "-" "Mozilla/5.0 (Windows NT 10.0; Win64; x64) AppleWebKit/537.36 (KHTML, like Gecko) Chrome/95.0.4638.69 Safari/537.36" "freehairsecrets.com"
137.184.30.75 - - [02/Feb/2023:19:38:29 -0800] "GET /site/wp-includes/wlwmanifest.xml HTTP/1.1" 404 73 "-" "Mozilla/5.0 (Windows NT 10.0; Win64; x64) AppleWebKit/537.36 (KHTML, like Gecko) Chrome/95.0.4638.69 Safari/537.36" "freehairsecrets.com"
137.184.30.75 - - [02/Feb/2023:19:38:29 -0800] "GET /cms/wp-includes/wlwmanifest.xml HTTP/1.1" 404 73 "-" "Mozilla/5.0 (Windows NT 10.0; Win64; x64) AppleWebKit/537.36 (KHTML, like Gecko) Chrome/95.0.4638.69 Safari/537.36" "freehairsecrets.com"
188.162.39.139 - - [02/Feb/2023:19:48:08 -0800] "GET /logs/ HTTP/1.1" 403 239 "https://www.kbrfx.com/?URL=\xd1\x80\xd0\xb5\xd0\xb3\xd0\xb8\xd1\x81\xd1\x82\xd1\x80\xd0\xb0\xd1\x86\xd0\xb8\xd1\x8f-\xd1\x84\xd0\xb8\xd1\x80\xd0\xbc\xd1\x8b.su" "Mozilla/5.0 (Windows NT 6.1; Win64; x64) AppleWebKit/537.36 (KHTML, like Gecko) Chrome/90.0.4430.93 Safari/537.36" "www.freehairsecrets.com"
188.162.39.139 - - [02/Feb/2023:19:48:08 -0800] "GET / HTTP/1.1" 200 558 "https://www.kbrfx.com/?URL=\xd1\x80\xd0\xb5\xd0\xb3\xd0\xb8\xd1\x81\xd1\x82\xd1\x80\xd0\xb0\xd1\x86\xd0\xb8\xd1\x8f-\xd1\x84\xd0\xb8\xd1\x80\xd0\xbc\xd1\x8b.su" "Mozilla/5.0 (Windows NT 6.1; Win64; x64) AppleWebKit/537.36 (KHTML, like Gecko) Chrome/90.0.4430.93 Safari/537.36" "www.freehairsecrets.com"
188.162.39.139 - - [02/Feb/2023:19:48:11 -0800] "GET /logs/ HTTP/1.1" 403 239 "http://google.com.pg/url?q=http://adhes.ru" "Mozilla/5.0 (Windows NT 10.0) AppleWebKit/537.36 (KHTML, like Gecko) Chrome/90.0.4430.85 Safari/537.36 Edg/90.0.818.46" "www.freehairsecrets.com"
188.162.39.139 - - [02/Feb/2023:19:48:11 -0800] "GET / HTTP/1.1" 200 558 "http://google.com.pg/url?q=http://adhes.ru" "Mozilla/5.0 (Windows NT 10.0) AppleWebKit/537.36 (KHTML, like Gecko) Chrome/90.0.4430.85 Safari/537.36 Edg/90.0.818.46" "www.freehairsecrets.com"
188.162.39.139 - - [02/Feb/2023:19:48:14 -0800] "GET /logs/ HTTP/1.1" 403 239 "http://google.com.sv/url?q=http://\xd1\x80\xd0\xb5\xd0\xb3\xd0\xb8\xd1\x81\xd1\x82\xd1\x80\xd0\xb0\xd1\x86\xd0\xb8\xd1\x8f-\xd1\x84\xd0\xb8\xd1\x80\xd0\xbc\xd1\x8b.su" "Mozilla/5.0 (Windows NT 6.3; Win64; x64) AppleWebKit/537.36 (KHTML, like Gecko) Chrome/90.0.4430.93 Safari/537.36" "www.freehairsecrets.com"
188.162.39.139 - - [02/Feb/2023:19:48:14 -0800] "GET / HTTP/1.1" 200 558 "http://google.com.sv/url?q=http://\xd1\x80\xd0\xb5\xd0\xb3\xd0\xb8\xd1\x81\xd1\x82\xd1\x80\xd0\xb0\xd1\x86\xd0\xb8\xd1\x8f-\xd1\x84\xd0\xb8\xd1\x80\xd0\xbc\xd1\x8b.su" "Mozilla/5.0 (Windows NT 6.3; Win64; x64) AppleWebKit/537.36 (KHTML, like Gecko) Chrome/90.0.4430.93 Safari/537.36" "www.freehairsecrets.com"
51.222.253.14 - - [02/Feb/2023:19:50:22 -0800] "GET / HTTP/1.1" 200 329 "-" "Mozilla/5.0 (compatible; AhrefsBot/7.0; +http://ahrefs.com/robot/)" "www.freehairsecrets.com"
118.184.177.25 - - [02/Feb/2023:20:20:23 -0800] "GET / HTTP/1.1" 200 329 "-" "Sogou web spider/4.0(+http://www.sogou.com/docs/help/webmasters.htm#07)" "www.freehairsecrets.com"
188.162.39.139 - - [02/Feb/2023:20:31:58 -0800] "GET /logs/ HTTP/1.1" 403 239 "http://www.google.is/url?q=http://rlskrsk.ru" "Mozilla/5.0 (Windows NT 10.0; WOW64) AppleWebKit/537.36 (KHTML, like Gecko) Chrome/90.0.4430.85 Safari/537.36" "www.freehairsecrets.com"
188.162.39.139 - - [02/Feb/2023:20:31:58 -0800] "GET / HTTP/1.1" 200 558 "http://www.google.is/url?q=http://rlskrsk.ru" "Mozilla/5.0 (Windows NT 10.0; WOW64) AppleWebKit/537.36 (KHTML, like Gecko) Chrome/90.0.4430.85 Safari/537.36" "www.freehairsecrets.com"
188.162.39.139 - - [02/Feb/2023:20:32:01 -0800] "GET /logs/ HTTP/1.1" 403 239 "http://maps.google.gl/url?q=http://rss-master-ram.ru" "Mozilla/5.0 (Windows NT 10.0; WOW64) AppleWebKit/537.36 (KHTML, like Gecko) Chrome/90.0.4400.8 Safari/537.36" "www.freehairsecrets.com"
188.162.39.139 - - [02/Feb/2023:20:32:01 -0800] "GET / HTTP/1.1" 200 558 "http://maps.google.gl/url?q=http://rss-master-ram.ru" "Mozilla/5.0 (Windows NT 10.0; WOW64) AppleWebKit/537.36 (KHTML, like Gecko) Chrome/90.0.4400.8 Safari/537.36" "www.freehairsecrets.com"
188.162.39.139 - - [02/Feb/2023:20:32:04 -0800] "GET /logs/ HTTP/1.1" 403 239 "https://google.nr/url?q=http://artformat-iv.ru" "Mozilla/5.0 (Windows NT 6.3; Win64; x64) AppleWebKit/537.36 (KHTML, like Gecko) Chrome/90.0.4430.72 Safari/537.36" "www.freehairsecrets.com"
188.162.39.139 - - [02/Feb/2023:20:32:05 -0800] "GET / HTTP/1.1" 200 558 "https://google.nr/url?q=http://artformat-iv.ru" "Mozilla/5.0 (Windows NT 6.3; Win64; x64) AppleWebKit/537.36 (KHTML, like Gecko) Chrome/90.0.4430.72 Safari/537.36" "www.freehairsecrets.com"
51.222.253.6 - - [02/Feb/2023:21:44:30 -0800] "GET /?C=M;O=A HTTP/1.1" 200 330 "-" "Mozilla/5.0 (compatible; AhrefsBot/7.0; +http://ahrefs.com/robot/)" "freehairsecrets.com"
140.246.164.95 - - [02/Feb/2023:21:53:43 -0800] "GET / HTTP/1.1" 200 329 "-" "Mozilla/5.0 (iPhone; CPU iPhone OS 13_2_3 like Mac OS X) AppleWebKit/605.1.15 (KHTML, like Gecko) Version/13.0.3 Mobile/15E148 Safari/604.1" "www.freehairsecrets.com"
188.162.39.139 - - [02/Feb/2023:22:02:03 -0800] "GET /logs/ HTTP/1.1" 403 239 "http://www.google.bf/url?q=http://molpred-116.ru" "Mozilla/5.0 (Windows NT 6.3; Win64; x64) AppleWebKit/537.36 (KHTML, like Gecko) Chrome/90.0.4430.72 Safari/537.36" "www.freehairsecrets.com"
188.162.39.139 - - [02/Feb/2023:22:02:04 -0800] "GET / HTTP/1.1" 200 558 "http://www.google.bf/url?q=http://molpred-116.ru" "Mozilla/5.0 (Windows NT 6.3; Win64; x64) AppleWebKit/537.36 (KHTML, like Gecko) Chrome/90.0.4430.72 Safari/537.36" "www.freehairsecrets.com"
188.162.39.139 - - [02/Feb/2023:22:02:06 -0800] "GET /logs/ HTTP/1.1" 403 239 "http://www.dogjudge.com/?URL=mir-remontnikov.ru" "Mozilla/5.0 (Windows NT 6.1; Win64; x64) AppleWebKit/537.36 (KHTML, like Gecko) Chrome/90.0.4430.85 Safari/537.36" "www.freehairsecrets.com"
188.162.39.139 - - [02/Feb/2023:22:02:07 -0800] "GET / HTTP/1.1" 200 558 "http://www.dogjudge.com/?URL=mir-remontnikov.ru" "Mozilla/5.0 (Windows NT 6.1; Win64; x64) AppleWebKit/537.36 (KHTML, like Gecko) Chrome/90.0.4430.85 Safari/537.36" "www.freehairsecrets.com"
188.162.39.139 - - [02/Feb/2023:22:02:10 -0800] "GET /logs/ HTTP/1.1" 403 239 "http://maps.google.vu/url?q=http://ulmebels.ru" "Mozilla/5.0 (Windows NT 10.0; Win64; x64) AppleWebKit/537.36 (KHTML, like Gecko) Chrome/90.0.4430.85 Safari/537.36" "www.freehairsecrets.com"
188.162.39.139 - - [02/Feb/2023:22:02:11 -0800] "GET / HTTP/1.1" 200 558 "http://maps.google.vu/url?q=http://ulmebels.ru" "Mozilla/5.0 (Windows NT 10.0; Win64; x64) AppleWebKit/537.36 (KHTML, like Gecko) Chrome/90.0.4430.85 Safari/537.36" "www.freehairsecrets.com"
188.162.39.139 - - [02/Feb/2023:22:22:55 -0800] "GET /logs/ HTTP/1.1" 403 239 "https://megalodon.jp/?url=http://elsetistr.ru" "Mozilla/5.0 (Windows NT 10.0; Win64; x64) AppleWebKit/537.36 (KHTML, like Gecko) Chrome/90.0.4430.85 Safari/537.36 Edg/90.0.818.46" "www.freehairsecrets.com"
188.162.39.139 - - [02/Feb/2023:22:22:56 -0800] "GET / HTTP/1.1" 200 558 "https://megalodon.jp/?url=http://elsetistr.ru" "Mozilla/5.0 (Windows NT 10.0; Win64; x64) AppleWebKit/537.36 (KHTML, like Gecko) Chrome/90.0.4430.85 Safari/537.36 Edg/90.0.818.46" "www.freehairsecrets.com"
188.162.39.139 - - [02/Feb/2023:22:22:59 -0800] "GET /logs/ HTTP/1.1" 403 239 "http://ww2.torahlab.org/?URL=popstroy.ru" "Mozilla/5.0 (Windows NT 10.0) AppleWebKit/537.36 (KHTML, like Gecko) Chrome/90.0.4430.93 Safari/537.36" "www.freehairsecrets.com"
188.162.39.139 - - [02/Feb/2023:22:23:00 -0800] "GET / HTTP/1.1" 200 558 "http://ww2.torahlab.org/?URL=popstroy.ru" "Mozilla/5.0 (Windows NT 10.0) AppleWebKit/537.36 (KHTML, like Gecko) Chrome/90.0.4430.93 Safari/537.36" "www.freehairsecrets.com"
188.162.39.139 - - [02/Feb/2023:22:23:02 -0800] "GET /logs/ HTTP/1.1" 403 239 "http://www.google.ca/url?q=http://zazhigalka-club.ru" "Mozilla/5.0 (Windows NT 6.3; Win64; x64) AppleWebKit/537.36 (KHTML, like Gecko) Chrome/90.0.4430.93 Safari/537.36" "www.freehairsecrets.com"
188.162.39.139 - - [02/Feb/2023:22:23:03 -0800] "GET / HTTP/1.1" 200 558 "http://www.google.ca/url?q=http://zazhigalka-club.ru" "Mozilla/5.0 (Windows NT 6.3; Win64; x64) AppleWebKit/537.36 (KHTML, like Gecko) Chrome/90.0.4430.93 Safari/537.36" "www.freehairsecrets.com"
51.222.253.18 - - [02/Feb/2023:23:02:14 -0800] "GET /robots.txt HTTP/1.1" 404 88 "-" "Mozilla/5.0 (compatible; AhrefsBot/7.0; +http://ahrefs.com/robot/)" "freehairsecrets.com"
51.222.253.18 - - [02/Feb/2023:23:02:15 -0800] "GET / HTTP/1.1" 200 329 "-" "Mozilla/5.0 (compatible; AhrefsBot/7.0; +http://ahrefs.com/robot/)" "freehairsecrets.com"
34.79.114.255 - - [02/Feb/2023:23:37:16 -0800] "GET / HTTP/1.1" 200 558 "-" "Mozilla/5.0 (Windows NT 10.0; Win64; x64) AppleWebKit/537.36 (KHTML, like Gecko) Chrome/84.0.4147.105 Safari/537.36" "www.freehairsecrets.com"
188.162.39.139 - - [03/Feb/2023:00:42:10 -0800] "GET /logs/ HTTP/1.1" 403 239 "http://google.com.my/url?q=http://pizzoshi.ru" "Mozilla/5.0 (Windows NT 6.1; Win64; x64) AppleWebKit/537.36 (KHTML, like Gecko) Chrome/90.0.4427.0 Safari/537.36" "www.freehairsecrets.com"
188.162.39.139 - - [03/Feb/2023:00:42:11 -0800] "GET / HTTP/1.1" 200 558 "http://google.com.my/url?q=http://pizzoshi.ru" "Mozilla/5.0 (Windows NT 6.1; Win64; x64) AppleWebKit/537.36 (KHTML, like Gecko) Chrome/90.0.4427.0 Safari/537.36" "www.freehairsecrets.com"
188.162.39.139 - - [03/Feb/2023:00:42:14 -0800] "GET /logs/ HTTP/1.1" 403 239 "http://maps.google.ee/url?q=http://pro100-remont.ru" "Mozilla/5.0 (Windows NT 6.3; Win64; x64) AppleWebKit/537.36 (KHTML, like Gecko) Chrome/90.0.4430.93 Safari/537.36" "www.freehairsecrets.com"
188.162.39.139 - - [03/Feb/2023:00:42:14 -0800] "GET / HTTP/1.1" 200 558 "http://maps.google.ee/url?q=http://pro100-remont.ru" "Mozilla/5.0 (Windows NT 6.3; Win64; x64) AppleWebKit/537.36 (KHTML, like Gecko) Chrome/90.0.4430.93 Safari/537.36" "www.freehairsecrets.com"
188.162.39.139 - - [03/Feb/2023:00:42:17 -0800] "GET /logs/ HTTP/1.1" 403 239 "https://www.google.bt/url?q=http://elsetistr.ru" "Mozilla/5.0 (Windows NT 6.3; Win64; x64) AppleWebKit/537.36 (KHTML, like Gecko) Chrome/90.0.4430.85 Safari/537.36 Edg/90.0.818.49" "www.freehairsecrets.com"
188.162.39.139 - - [03/Feb/2023:00:42:17 -0800] "GET / HTTP/1.1" 200 558 "https://www.google.bt/url?q=http://elsetistr.ru" "Mozilla/5.0 (Windows NT 6.3; Win64; x64) AppleWebKit/537.36 (KHTML, like Gecko) Chrome/90.0.4430.85 Safari/537.36 Edg/90.0.818.49" "www.freehairsecrets.com"
51.222.253.15 - - [03/Feb/2023:00:44:50 -0800] "GET /?C=D;O=A HTTP/1.1" 200 329 "-" "Mozilla/5.0 (compatible; AhrefsBot/7.0; +http://ahrefs.com/robot/)" "freehairsecrets.com"
157.90.181.219 - - [03/Feb/2023:01:30:21 -0800] "GET /robots.txt HTTP/1.1" 404 88 "-" "Mozilla/5.0 (compatible; BLEXBot/1.0; +http://webmeup-crawler.com/)" "freehairsecrets.com"
157.90.181.219 - - [03/Feb/2023:01:30:25 -0800] "GET /sitemap HTTP/1.1" 404 88 "-" "Mozilla/5.0 (compatible; BLEXBot/1.0; +http://webmeup-crawler.com/)" "freehairsecrets.com"
157.90.181.219 - - [03/Feb/2023:01:30:29 -0800] "GET /sitemap.txt HTTP/1.1" 404 88 "-" "Mozilla/5.0 (compatible; BLEXBot/1.0; +http://webmeup-crawler.com/)" "freehairsecrets.com"
157.90.181.219 - - [03/Feb/2023:01:30:33 -0800] "GET /?C=D;O=D HTTP/1.1" 200 327 "-" "Mozilla/5.0 (compatible; BLEXBot/1.0; +http://webmeup-crawler.com/)" "freehairsecrets.com"
157.90.181.219 - - [03/Feb/2023:01:30:37 -0800] "GET /?C=M;O=D HTTP/1.1" 200 327 "-" "Mozilla/5.0 (compatible; BLEXBot/1.0; +http://webmeup-crawler.com/)" "freehairsecrets.com"
157.90.181.219 - - [03/Feb/2023:01:30:41 -0800] "GET /?C=N;O=A HTTP/1.1" 200 329 "-" "Mozilla/5.0 (compatible; BLEXBot/1.0; +http://webmeup-crawler.com/)" "freehairsecrets.com"
157.90.181.219 - - [03/Feb/2023:01:30:43 -0800] "GET /?C=S;O=D HTTP/1.1" 200 327 "-" "Mozilla/5.0 (compatible; BLEXBot/1.0; +http://webmeup-crawler.com/)" "freehairsecrets.com"
118.184.177.25 - - [03/Feb/2023:02:02:45 -0800] "GET / HTTP/1.1" 200 329 "-" "Sogou web spider/4.0(+http://www.sogou.com/docs/help/webmasters.htm#07)" "www.freehairsecrets.com"
188.162.39.139 - - [03/Feb/2023:03:00:08 -0800] "GET /logs/ HTTP/1.1" 403 239 "http://google.az/url?q=http://barsuk-club.ru" "Mozilla/5.0 (Windows NT 10.0; Win64; x64) AppleWebKit/537.36 (KHTML, like Gecko) Chrome/90.0.4430.72 Safari/537.36 Edg/90.0.818.39" "www.freehairsecrets.com"
188.162.39.139 - - [03/Feb/2023:03:00:10 -0800] "GET / HTTP/1.1" 200 558 "http://google.az/url?q=http://barsuk-club.ru" "Mozilla/5.0 (Windows NT 10.0; Win64; x64) AppleWebKit/537.36 (KHTML, like Gecko) Chrome/90.0.4430.72 Safari/537.36 Edg/90.0.818.39" "www.freehairsecrets.com"
188.162.39.139 - - [03/Feb/2023:03:00:14 -0800] "GET /logs/ HTTP/1.1" 403 239 "http://maps.google.fi/url?q=https://okna-uga.ru" "Mozilla/5.0 (Windows NT 6.3; Win64; x64) AppleWebKit/537.36 (KHTML, like Gecko) Chrome/90.0.4430.85 Safari/537.36 Edg/90.0.818.46" "www.freehairsecrets.com"
188.162.39.139 - - [03/Feb/2023:03:00:14 -0800] "GET / HTTP/1.1" 200 558 "http://maps.google.fi/url?q=https://okna-uga.ru" "Mozilla/5.0 (Windows NT 6.3; Win64; x64) AppleWebKit/537.36 (KHTML, like Gecko) Chrome/90.0.4430.85 Safari/537.36 Edg/90.0.818.46" "www.freehairsecrets.com"
188.162.39.139 - - [03/Feb/2023:03:00:17 -0800] "GET /logs/ HTTP/1.1" 403 239 "https://google.se/url?q=http://key26.ru" "Mozilla/5.0 (Windows NT 6.1; Win64; x64) AppleWebKit/537.36 (KHTML, like Gecko) Chrome/90.0.4430.85 Safari/537.36" "www.freehairsecrets.com"
188.162.39.139 - - [03/Feb/2023:03:00:17 -0800] "GET / HTTP/1.1" 200 558 "https://google.se/url?q=http://key26.ru" "Mozilla/5.0 (Windows NT 6.1; Win64; x64) AppleWebKit/537.36 (KHTML, like Gecko) Chrome/90.0.4430.85 Safari/537.36" "www.freehairsecrets.com"
188.162.39.139 - - [03/Feb/2023:04:23:14 -0800] "GET /logs/ HTTP/1.1" 403 239 "http://archives.midweek.com/?URL=metallmania.ru" "Mozilla/5.0 (Windows NT 10.0; Win64; x64) AppleWebKit/537.36 (KHTML, like Gecko) Chrome/90.0.4430.72 Safari/537.36 Edg/90.0.818.42" "www.freehairsecrets.com"
188.162.39.139 - - [03/Feb/2023:04:23:15 -0800] "GET / HTTP/1.1" 200 558 "http://archives.midweek.com/?URL=metallmania.ru" "Mozilla/5.0 (Windows NT 10.0; Win64; x64) AppleWebKit/537.36 (KHTML, like Gecko) Chrome/90.0.4430.72 Safari/537.36 Edg/90.0.818.42" "www.freehairsecrets.com"
188.162.39.139 - - [03/Feb/2023:04:23:17 -0800] "GET /logs/ HTTP/1.1" 403 239 "https://google.ga/url?q=http://art-ss.ru" "Mozilla/5.0 (Windows NT 6.2; Win64; x64) AppleWebKit/537.36 (KHTML, like Gecko) Chrome/90.0.4430.93 Safari/537.36" "www.freehairsecrets.com"
188.162.39.139 - - [03/Feb/2023:04:23:18 -0800] "GET / HTTP/1.1" 200 558 "https://google.ga/url?q=http://art-ss.ru" "Mozilla/5.0 (Windows NT 6.2; Win64; x64) AppleWebKit/537.36 (KHTML, like Gecko) Chrome/90.0.4430.93 Safari/537.36" "www.freehairsecrets.com"
188.162.39.139 - - [03/Feb/2023:04:23:21 -0800] "GET /logs/ HTTP/1.1" 403 239 "http://google.ru/url?q=http://bankrot-52.ru" "Mozilla/5.0 (Windows NT 6.1; WOW64) AppleWebKit/537.36 (KHTML, like Gecko) Chrome/90.0.4430.93 Safari/537.36" "www.freehairsecrets.com"
188.162.39.139 - - [03/Feb/2023:04:23:22 -0800] "GET / HTTP/1.1" 200 558 "http://google.ru/url?q=http://bankrot-52.ru" "Mozilla/5.0 (Windows NT 6.1; WOW64) AppleWebKit/537.36 (KHTML, like Gecko) Chrome/90.0.4430.93 Safari/537.36" "www.freehairsecrets.com"
185.39.144.147 - - [03/Feb/2023:04:30:21 -0800] "GET / HTTP/1.1" 200 329 "-" "Mozilla/5.0 (Macintosh; Intel Mac OS X 10_9_2)" "www.freehairsecrets.com"
114.119.135.182 - - [03/Feb/2023:05:53:17 -0800] "GET /freehairsecretsphp/ HTTP/1.1" 200 333 "https://freehairsecrets.com/?C=N%3BO%3DD" "Mozilla/5.0 (Linux; Android 7.0;) AppleWebKit/537.36 (KHTML, like Gecko) Mobile Safari/537.36 (compatible; PetalBot;+https://webmaster.petalsearch.com/site/petalbot)" "freehairsecrets.com"
114.119.141.127 - - [03/Feb/2023:06:05:03 -0800] "GET / HTTP/1.1" 200 329 "http://www.urlju.com/w.freehairsecrets.com" "Mozilla/5.0 (Linux; Android 7.0;) AppleWebKit/537.36 (KHTML, like Gecko) Mobile Safari/537.36 (compatible; PetalBot;+https://webmaster.petalsearch.com/site/petalbot)" "freehairsecrets.com"
188.162.39.139 - - [03/Feb/2023:06:11:09 -0800] "GET /logs/ HTTP/1.1" 403 239 "http://google.com.np/url?q=http://nt-remont.ru" "Mozilla/5.0 (Windows NT 10.0) AppleWebKit/537.36 (KHTML, like Gecko) Chrome/90.0.4430.85 Safari/537.36 Edg/90.0.818.46" "www.freehairsecrets.com"
188.162.39.139 - - [03/Feb/2023:06:11:10 -0800] "GET / HTTP/1.1" 200 558 "http://google.com.np/url?q=http://nt-remont.ru" "Mozilla/5.0 (Windows NT 10.0) AppleWebKit/537.36 (KHTML, like Gecko) Chrome/90.0.4430.85 Safari/537.36 Edg/90.0.818.46" "www.freehairsecrets.com"
188.162.39.139 - - [03/Feb/2023:06:11:12 -0800] "GET /logs/ HTTP/1.1" 403 239 "https://google.mw/url?q=http://mir-remontnikov.ru" "Mozilla/5.0 (Windows NT 6.2; Win64; x64) AppleWebKit/537.36 (KHTML, like Gecko) Chrome/90.0.4430.93 Safari/537.36" "www.freehairsecrets.com"
188.162.39.139 - - [03/Feb/2023:06:11:13 -0800] "GET / HTTP/1.1" 200 558 "https://google.mw/url?q=http://mir-remontnikov.ru" "Mozilla/5.0 (Windows NT 6.2; Win64; x64) AppleWebKit/537.36 (KHTML, like Gecko) Chrome/90.0.4430.93 Safari/537.36" "www.freehairsecrets.com"
188.162.39.139 - - [03/Feb/2023:06:11:16 -0800] "GET /logs/ HTTP/1.1" 403 239 "https://google.fm/url?q=http://yursentr.ru" "Mozilla/5.0 (Windows NT 6.1; ) AppleWebKit/537.36 (KHTML, like Gecko) Chrome/90.0.4430.85 Safari/537.36" "www.freehairsecrets.com"
188.162.39.139 - - [03/Feb/2023:06:11:16 -0800] "GET / HTTP/1.1" 200 558 "https://google.fm/url?q=http://yursentr.ru" "Mozilla/5.0 (Windows NT 6.1; ) AppleWebKit/537.36 (KHTML, like Gecko) Chrome/90.0.4430.85 Safari/537.36" "www.freehairsecrets.com"
54.200.125.49 - - [03/Feb/2023:06:22:17 -0800] "GET / HTTP/1.1" 200 329 "-" "Mozilla/5.0 (X11; Linux x86_64) AppleWebKit/537.36 (KHTML, like Gecko) Chrome/83.0.4103.97 Safari/537.36" "freehairsecrets.com"
188.162.39.139 - - [03/Feb/2023:06:23:38 -0800] "GET /logs/ HTTP/1.1" 403 239 "https://www.depechemode.cz/?URL=weformonline.ru" "Mozilla/5.0 (Windows NT 6.1; WOW64) AppleWebKit/537.36 (KHTML, like Gecko) Chrome/90.0.4430.72 Safari/537.36" "www.freehairsecrets.com"
188.162.39.139 - - [03/Feb/2023:06:23:39 -0800] "GET / HTTP/1.1" 200 558 "https://www.depechemode.cz/?URL=weformonline.ru" "Mozilla/5.0 (Windows NT 6.1; WOW64) AppleWebKit/537.36 (KHTML, like Gecko) Chrome/90.0.4430.72 Safari/537.36" "www.freehairsecrets.com"
188.162.39.139 - - [03/Feb/2023:06:23:41 -0800] "GET /logs/ HTTP/1.1" 403 239 "http://maps.google.je/url?q=http://lubimko.ru" "Mozilla/5.0 (Windows NT 6.1; Win64; x64) AppleWebKit/537.36 (KHTML, like Gecko) Chrome/90.0.4430.72 Safari/537.36" "www.freehairsecrets.com"
188.162.39.139 - - [03/Feb/2023:06:23:42 -0800] "GET / HTTP/1.1" 200 558 "http://maps.google.je/url?q=http://lubimko.ru" "Mozilla/5.0 (Windows NT 6.1; Win64; x64) AppleWebKit/537.36 (KHTML, like Gecko) Chrome/90.0.4430.72 Safari/537.36" "www.freehairsecrets.com"
188.162.39.139 - - [03/Feb/2023:06:23:44 -0800] "GET /logs/ HTTP/1.1" 403 239 "http://www.gearlivegirl.com/?URL=pro100-remont.ru" "Mozilla/5.0 (Windows NT 10.0; Win64; x64) AppleWebKit/537.36 (KHTML, like Gecko) Chrome/90.0.4430.93 Safari/537.36" "www.freehairsecrets.com"
188.162.39.139 - - [03/Feb/2023:06:23:45 -0800] "GET / HTTP/1.1" 200 558 "http://www.gearlivegirl.com/?URL=pro100-remont.ru" "Mozilla/5.0 (Windows NT 10.0; Win64; x64) AppleWebKit/537.36 (KHTML, like Gecko) Chrome/90.0.4430.93 Safari/537.36" "www.freehairsecrets.com"
54.202.145.139 - - [03/Feb/2023:06:28:01 -0800] "GET / HTTP/1.1" 200 329 "-" "Mozilla/5.0 (X11; Linux x86_64) AppleWebKit/537.36 (KHTML, like Gecko) Chrome/83.0.4103.97 Safari/537.36" "freehairsecrets.com"
54.69.38.151 - - [03/Feb/2023:06:28:26 -0800] "GET /favicon.ico HTTP/1.1" 404 88 "-" "Mozilla/5.0 (X11; Linux x86_64) AppleWebKit/537.36 (KHTML, like Gecko) Chrome/83.0.4103.97 Safari/537.36" "freehairsecrets.com"
54.69.38.151 - - [03/Feb/2023:06:28:27 -0800] "GET / HTTP/1.1" 200 329 "-" "Mozilla/5.0 (X11; Linux x86_64) AppleWebKit/537.36 (KHTML, like Gecko) Chrome/83.0.4103.97 Safari/537.36" "freehairsecrets.com"
