181.214.218.51 - - [20/Feb/2023:20:29:05 -0800] "GET /logs/ HTTP/1.1" 403 239 "https://getery.xyz" "Mozilla/5.0 (Windows NT 6.1; ) AppleWebKit/537.36 (KHTML, like Gecko) Chrome/90.0.4430.72 Safari/537.36" "www.freehairsecrets.com"
181.214.218.51 - - [20/Feb/2023:20:29:06 -0800] "GET / HTTP/1.1" 200 558 "https://getery.xyz" "Mozilla/5.0 (Windows NT 6.1; ) AppleWebKit/537.36 (KHTML, like Gecko) Chrome/90.0.4430.72 Safari/537.36" "www.freehairsecrets.com"
45.129.99.168 - - [20/Feb/2023:21:04:51 -0800] "GET /logs/ HTTP/1.1" 403 239 "https://france-la.ru/" "Mozilla/5.0 (Windows NT 6.3; Win64; x64) AppleWebKit/537.36 (KHTML, like Gecko) Chrome/90.0.4430.85 Safari/537.36 Edg/90.0.818.49" "www.freehairsecrets.com"
45.129.99.168 - - [20/Feb/2023:21:04:52 -0800] "GET / HTTP/1.1" 200 558 "https://france-la.ru/" "Mozilla/5.0 (Windows NT 6.3; Win64; x64) AppleWebKit/537.36 (KHTML, like Gecko) Chrome/90.0.4430.85 Safari/537.36 Edg/90.0.818.49" "www.freehairsecrets.com"
114.119.132.173 - - [20/Feb/2023:21:33:42 -0800] "GET /robots.txt HTTP/1.1" 404 88 "-" "Mozilla/5.0 (compatible;PetalBot;+https://webmaster.petalsearch.com/site/petalbot)" "freehairsecrets.com"
45.129.99.168 - - [20/Feb/2023:22:05:44 -0800] "GET /logs/ HTTP/1.1" 403 239 "https://france-la.ru/" "Mozilla/5.0 (Windows NT 10.0) AppleWebKit/537.36 (KHTML, like Gecko) Chrome/90.0.4430.72 Safari/537.36" "www.freehairsecrets.com"
45.129.99.168 - - [20/Feb/2023:22:05:44 -0800] "GET / HTTP/1.1" 200 558 "https://france-la.ru/" "Mozilla/5.0 (Windows NT 10.0) AppleWebKit/537.36 (KHTML, like Gecko) Chrome/90.0.4430.72 Safari/537.36" "www.freehairsecrets.com"
62.182.80.34 - - [20/Feb/2023:22:09:58 -0800] "GET /components/com_creativecontactform/fileupload/index.php?file=trg3hf.jpg HTTP/1.1" 404 73 "-" "ALittle Client" "freehairsecrets.com"
181.214.218.51 - - [20/Feb/2023:22:24:54 -0800] "GET /logs/ HTTP/1.1" 403 239 "https://getery.xyz" "Mozilla/5.0 (Windows NT 6.1; Win64; x64) AppleWebKit/537.36 (KHTML, like Gecko) Chrome/90.0.4430.85 Safari/537.36 Edg/90.0.818.49" "www.freehairsecrets.com"
181.214.218.51 - - [20/Feb/2023:22:24:54 -0800] "GET / HTTP/1.1" 200 558 "https://getery.xyz" "Mozilla/5.0 (Windows NT 6.1; Win64; x64) AppleWebKit/537.36 (KHTML, like Gecko) Chrome/90.0.4430.85 Safari/537.36 Edg/90.0.818.49" "www.freehairsecrets.com"
181.214.218.51 - - [20/Feb/2023:22:24:57 -0800] "GET /logs/ HTTP/1.1" 403 239 "https://getery.xyz" "Mozilla/5.0 (Windows NT 6.1; Win64; x64) AppleWebKit/537.36 (KHTML, like Gecko) Chrome/90.0.4430.85 Safari/537.36" "www.freehairsecrets.com"
181.214.218.51 - - [20/Feb/2023:22:24:57 -0800] "GET / HTTP/1.1" 200 558 "https://getery.xyz" "Mozilla/5.0 (Windows NT 6.1; Win64; x64) AppleWebKit/537.36 (KHTML, like Gecko) Chrome/90.0.4430.85 Safari/537.36" "www.freehairsecrets.com"
181.214.218.51 - - [20/Feb/2023:22:27:31 -0800] "GET /logs/ HTTP/1.1" 403 239 "https://getery.xyz" "Mozilla/5.0 (Windows NT 10.0; WOW64) AppleWebKit/537.36 (KHTML, like Gecko) Chrome/90.0.4400.8 Safari/537.36" "www.freehairsecrets.com"
181.214.218.51 - - [20/Feb/2023:22:27:31 -0800] "GET / HTTP/1.1" 200 558 "https://getery.xyz" "Mozilla/5.0 (Windows NT 10.0; WOW64) AppleWebKit/537.36 (KHTML, like Gecko) Chrome/90.0.4400.8 Safari/537.36" "www.freehairsecrets.com"
181.214.218.51 - - [20/Feb/2023:22:27:34 -0800] "GET /logs/ HTTP/1.1" 403 239 "https://getery.xyz" "Mozilla/5.0 (Windows NT 10.0) AppleWebKit/537.36 (KHTML, like Gecko) Chrome/90.0.4430.85 Safari/537.36" "www.freehairsecrets.com"
181.214.218.51 - - [20/Feb/2023:22:27:34 -0800] "GET / HTTP/1.1" 200 558 "https://getery.xyz" "Mozilla/5.0 (Windows NT 10.0) AppleWebKit/537.36 (KHTML, like Gecko) Chrome/90.0.4430.85 Safari/537.36" "www.freehairsecrets.com"
181.214.218.51 - - [20/Feb/2023:22:36:06 -0800] "GET /logs/ HTTP/1.1" 403 239 "https://getery.xyz" "Mozilla/5.0 (Windows NT 6.1; ) AppleWebKit/537.36 (KHTML, like Gecko) Chrome/90.0.4430.72 Safari/537.36" "www.freehairsecrets.com"
181.214.218.51 - - [20/Feb/2023:22:36:06 -0800] "GET / HTTP/1.1" 200 558 "https://getery.xyz" "Mozilla/5.0 (Windows NT 6.1; ) AppleWebKit/537.36 (KHTML, like Gecko) Chrome/90.0.4430.72 Safari/537.36" "www.freehairsecrets.com"
181.214.218.51 - - [20/Feb/2023:22:36:09 -0800] "GET /logs/ HTTP/1.1" 403 239 "https://getery.xyz" "Mozilla/5.0 (Windows NT 6.3; Win64; x64) AppleWebKit/537.36 (KHTML, like Gecko) Chrome/90.0.4430.93 Safari/537.36" "www.freehairsecrets.com"
181.214.218.51 - - [20/Feb/2023:22:36:09 -0800] "GET / HTTP/1.1" 200 558 "https://getery.xyz" "Mozilla/5.0 (Windows NT 6.3; Win64; x64) AppleWebKit/537.36 (KHTML, like Gecko) Chrome/90.0.4430.93 Safari/537.36" "www.freehairsecrets.com"
45.129.99.168 - - [20/Feb/2023:23:00:57 -0800] "GET /logs/ HTTP/1.1" 403 239 "https://france-la.ru/" "Mozilla/5.0 (Windows NT 6.1; Win64; x64) AppleWebKit/537.36 (KHTML, like Gecko) Chrome/90.0.4430.85 Safari/537.36" "www.freehairsecrets.com"
45.129.99.168 - - [20/Feb/2023:23:00:58 -0800] "GET / HTTP/1.1" 200 558 "https://france-la.ru/" "Mozilla/5.0 (Windows NT 6.1; Win64; x64) AppleWebKit/537.36 (KHTML, like Gecko) Chrome/90.0.4430.85 Safari/537.36" "www.freehairsecrets.com"
114.119.129.179 - - [20/Feb/2023:23:22:21 -0800] "GET /robots.txt HTTP/1.1" 404 88 "-" "Mozilla/5.0 (compatible;PetalBot;+https://webmaster.petalsearch.com/site/petalbot)" "freehairsecrets.com"
181.214.218.51 - - [20/Feb/2023:23:47:49 -0800] "GET /logs/ HTTP/1.1" 403 239 "https://getery.xyz" "Mozilla/5.0 (Windows NT 6.3) AppleWebKit/537.36 (KHTML, like Gecko) Chrome/90.0.4430.72 Safari/537.36" "www.freehairsecrets.com"
181.214.218.51 - - [20/Feb/2023:23:47:50 -0800] "GET / HTTP/1.1" 200 558 "https://getery.xyz" "Mozilla/5.0 (Windows NT 6.3) AppleWebKit/537.36 (KHTML, like Gecko) Chrome/90.0.4430.72 Safari/537.36" "www.freehairsecrets.com"
181.214.218.51 - - [20/Feb/2023:23:47:52 -0800] "GET /logs/ HTTP/1.1" 403 239 "https://getery.xyz" "Mozilla/5.0 (Windows NT 10.0; WOW64) AppleWebKit/537.36 (KHTML, like Gecko) Chrome/90.0.4430.93 Safari/537.36" "www.freehairsecrets.com"
181.214.218.51 - - [20/Feb/2023:23:47:53 -0800] "GET / HTTP/1.1" 200 558 "https://getery.xyz" "Mozilla/5.0 (Windows NT 10.0; WOW64) AppleWebKit/537.36 (KHTML, like Gecko) Chrome/90.0.4430.93 Safari/537.36" "www.freehairsecrets.com"
45.129.99.168 - - [21/Feb/2023:00:15:38 -0800] "GET /logs/ HTTP/1.1" 403 239 "https://france-la.ru/" "Mozilla/5.0 (Windows NT 10.0) AppleWebKit/537.36 (KHTML, like Gecko) Chrome/90.0.4430.85 Safari/537.36" "www.freehairsecrets.com"
45.129.99.168 - - [21/Feb/2023:00:15:38 -0800] "GET / HTTP/1.1" 200 558 "https://france-la.ru/" "Mozilla/5.0 (Windows NT 10.0) AppleWebKit/537.36 (KHTML, like Gecko) Chrome/90.0.4430.85 Safari/537.36" "www.freehairsecrets.com"
35.243.143.120 - - [21/Feb/2023:00:15:54 -0800] "GET /robots.txt HTTP/1.1" 404 88 "-" "ZoominfoBot (zoominfobot at zoominfo dot com)" "freehairsecrets.com"
35.243.143.120 - - [21/Feb/2023:00:15:54 -0800] "GET / HTTP/1.1" 200 329 "-" "ZoominfoBot (zoominfobot at zoominfo dot com)" "freehairsecrets.com"
181.214.218.51 - - [21/Feb/2023:00:18:17 -0800] "GET /logs/ HTTP/1.1" 403 239 "https://getery.xyz" "Mozilla/5.0 (Windows NT 6.1; WOW64) AppleWebKit/537.36 (KHTML, like Gecko) Chrome/90.0.4430.93 Safari/537.36" "www.freehairsecrets.com"
181.214.218.51 - - [21/Feb/2023:00:18:17 -0800] "GET / HTTP/1.1" 200 558 "https://getery.xyz" "Mozilla/5.0 (Windows NT 6.1; WOW64) AppleWebKit/537.36 (KHTML, like Gecko) Chrome/90.0.4430.93 Safari/537.36" "www.freehairsecrets.com"
181.214.218.51 - - [21/Feb/2023:00:18:19 -0800] "GET /logs/ HTTP/1.1" 403 239 "https://getery.xyz" "Mozilla/5.0 (Windows NT 10.0; WOW64) AppleWebKit/537.36 (KHTML, like Gecko) Chrome/90.0.4430.93 Safari/537.36" "www.freehairsecrets.com"
181.214.218.51 - - [21/Feb/2023:00:18:20 -0800] "GET / HTTP/1.1" 200 558 "https://getery.xyz" "Mozilla/5.0 (Windows NT 10.0; WOW64) AppleWebKit/537.36 (KHTML, like Gecko) Chrome/90.0.4430.93 Safari/537.36" "www.freehairsecrets.com"
45.129.99.168 - - [21/Feb/2023:00:23:13 -0800] "GET /logs/ HTTP/1.1" 403 239 "https://france-la.ru/" "Mozilla/5.0 (Windows NT 10.0; WOW64) AppleWebKit/537.36 (KHTML, like Gecko) Chrome/90.0.4400.8 Safari/537.36" "www.freehairsecrets.com"
45.129.99.168 - - [21/Feb/2023:00:23:13 -0800] "GET / HTTP/1.1" 200 558 "https://france-la.ru/" "Mozilla/5.0 (Windows NT 10.0; WOW64) AppleWebKit/537.36 (KHTML, like Gecko) Chrome/90.0.4400.8 Safari/537.36" "www.freehairsecrets.com"
35.243.143.120 - - [21/Feb/2023:00:25:34 -0800] "GET /robots.txt HTTP/1.1" 404 88 "-" "ZoominfoBot (zoominfobot at zoominfo dot com)" "www.freehairsecrets.com"
35.243.143.120 - - [21/Feb/2023:00:25:34 -0800] "GET / HTTP/1.1" 200 329 "-" "ZoominfoBot (zoominfobot at zoominfo dot com)" "www.freehairsecrets.com"
51.222.253.16 - - [21/Feb/2023:00:38:43 -0800] "GET / HTTP/1.1" 200 329 "-" "Mozilla/5.0 (compatible; AhrefsBot/7.0; +http://ahrefs.com/robot/)" "www.freehairsecrets.com"
181.214.218.51 - - [21/Feb/2023:00:52:25 -0800] "GET /logs/ HTTP/1.1" 403 239 "https://getery.xyz" "Mozilla/5.0 (Windows NT 6.3; Win64; x64) AppleWebKit/537.36 (KHTML, like Gecko) Chrome/90.0.4430.72 Safari/537.36" "www.freehairsecrets.com"
181.214.218.51 - - [21/Feb/2023:00:52:26 -0800] "GET / HTTP/1.1" 200 558 "https://getery.xyz" "Mozilla/5.0 (Windows NT 6.3; Win64; x64) AppleWebKit/537.36 (KHTML, like Gecko) Chrome/90.0.4430.72 Safari/537.36" "www.freehairsecrets.com"
181.214.218.51 - - [21/Feb/2023:00:52:28 -0800] "GET /logs/ HTTP/1.1" 403 239 "https://getery.xyz" "Mozilla/5.0 (Windows NT 6.1) AppleWebKit/537.36 (KHTML, like Gecko) Chrome/90.0.4430.72 Safari/537.36" "www.freehairsecrets.com"
181.214.218.51 - - [21/Feb/2023:00:52:28 -0800] "GET / HTTP/1.1" 200 558 "https://getery.xyz" "Mozilla/5.0 (Windows NT 6.1) AppleWebKit/537.36 (KHTML, like Gecko) Chrome/90.0.4430.72 Safari/537.36" "www.freehairsecrets.com"
181.214.218.51 - - [21/Feb/2023:01:00:34 -0800] "GET /logs/ HTTP/1.1" 403 239 "https://getery.xyz" "Mozilla/5.0 (Windows NT 10.0; Win64; x64) AppleWebKit/537.36 (KHTML, like Gecko) Chrome/90.0.4430.86 Safari/537.36" "www.freehairsecrets.com"
181.214.218.51 - - [21/Feb/2023:01:00:34 -0800] "GET / HTTP/1.1" 200 558 "https://getery.xyz" "Mozilla/5.0 (Windows NT 10.0; Win64; x64) AppleWebKit/537.36 (KHTML, like Gecko) Chrome/90.0.4430.86 Safari/537.36" "www.freehairsecrets.com"
181.214.218.51 - - [21/Feb/2023:01:00:36 -0800] "GET /logs/ HTTP/1.1" 403 239 "https://getery.xyz" "Mozilla/5.0 (Windows NT 10.0) AppleWebKit/537.36 (KHTML, like Gecko) Chrome/90.0.4430.85 Safari/537.36" "www.freehairsecrets.com"
181.214.218.51 - - [21/Feb/2023:01:00:37 -0800] "GET / HTTP/1.1" 200 558 "https://getery.xyz" "Mozilla/5.0 (Windows NT 10.0) AppleWebKit/537.36 (KHTML, like Gecko) Chrome/90.0.4430.85 Safari/537.36" "www.freehairsecrets.com"
45.129.99.168 - - [21/Feb/2023:01:17:01 -0800] "GET /logs/ HTTP/1.1" 403 239 "https://france-la.ru/" "Mozilla/5.0 (Windows NT 6.1; Win64; x64) AppleWebKit/537.36 (KHTML, like Gecko) Chrome/90.0.4430.93 Safari/537.36" "www.freehairsecrets.com"
45.129.99.168 - - [21/Feb/2023:01:17:02 -0800] "GET / HTTP/1.1" 200 558 "https://france-la.ru/" "Mozilla/5.0 (Windows NT 6.1; Win64; x64) AppleWebKit/537.36 (KHTML, like Gecko) Chrome/90.0.4430.93 Safari/537.36" "www.freehairsecrets.com"
181.214.218.51 - - [21/Feb/2023:01:30:46 -0800] "GET /logs/ HTTP/1.1" 403 239 "https://getery.xyz" "Mozilla/5.0 (Windows NT 6.1; ) AppleWebKit/537.36 (KHTML, like Gecko) Chrome/90.0.4430.85 Safari/537.36" "www.freehairsecrets.com"
181.214.218.51 - - [21/Feb/2023:01:30:46 -0800] "GET / HTTP/1.1" 200 558 "https://getery.xyz" "Mozilla/5.0 (Windows NT 6.1; ) AppleWebKit/537.36 (KHTML, like Gecko) Chrome/90.0.4430.85 Safari/537.36" "www.freehairsecrets.com"
181.214.218.51 - - [21/Feb/2023:01:30:49 -0800] "GET /logs/ HTTP/1.1" 403 239 "https://getery.xyz" "Mozilla/5.0 (Windows NT 6.1; ) AppleWebKit/537.36 (KHTML, like Gecko) Chrome/90.0.4430.85 Safari/537.36" "www.freehairsecrets.com"
181.214.218.51 - - [21/Feb/2023:01:30:49 -0800] "GET / HTTP/1.1" 200 558 "https://getery.xyz" "Mozilla/5.0 (Windows NT 6.1; ) AppleWebKit/537.36 (KHTML, like Gecko) Chrome/90.0.4430.85 Safari/537.36" "www.freehairsecrets.com"
45.129.99.168 - - [21/Feb/2023:01:43:47 -0800] "GET /logs/ HTTP/1.1" 403 239 "https://france-la.ru/" "Mozilla/5.0 (Windows NT 6.3; Win64; x64) AppleWebKit/537.36 (KHTML, like Gecko) Chrome/90.0.4430.72 Safari/537.36 Edg/90.0.818.42" "www.freehairsecrets.com"
45.129.99.168 - - [21/Feb/2023:01:43:48 -0800] "GET / HTTP/1.1" 200 558 "https://france-la.ru/" "Mozilla/5.0 (Windows NT 6.3; Win64; x64) AppleWebKit/537.36 (KHTML, like Gecko) Chrome/90.0.4430.72 Safari/537.36 Edg/90.0.818.42" "www.freehairsecrets.com"
114.119.139.217 - - [21/Feb/2023:01:50:33 -0800] "GET /?C=S%3BO%3DA HTTP/1.1" 200 329 "-" "Mozilla/5.0 (Linux; Android 7.0;) AppleWebKit/537.36 (KHTML, like Gecko) Mobile Safari/537.36 (compatible; PetalBot;+https://webmaster.petalsearch.com/site/petalbot)" "freehairsecrets.com"
114.119.150.15 - - [21/Feb/2023:01:51:51 -0800] "GET /freehairsecretsphp/ HTTP/1.1" 200 333 "https://freehairsecrets.com?C=M%3BO%3DA" "Mozilla/5.0 (Linux; Android 7.0;) AppleWebKit/537.36 (KHTML, like Gecko) Mobile Safari/537.36 (compatible; PetalBot;+https://webmaster.petalsearch.com/site/petalbot)" "freehairsecrets.com"
45.129.99.168 - - [21/Feb/2023:02:00:13 -0800] "GET /logs/ HTTP/1.1" 403 239 "https://france-la.ru/" "Mozilla/5.0 (Windows NT 6.1) AppleWebKit/537.36 (KHTML, like Gecko) Chrome/90.0.4430.85 Safari/537.36" "www.freehairsecrets.com"
45.129.99.168 - - [21/Feb/2023:02:00:13 -0800] "GET / HTTP/1.1" 200 558 "https://france-la.ru/" "Mozilla/5.0 (Windows NT 6.1) AppleWebKit/537.36 (KHTML, like Gecko) Chrome/90.0.4430.85 Safari/537.36" "www.freehairsecrets.com"
77.88.5.132 - - [21/Feb/2023:02:30:46 -0800] "GET /robots.txt HTTP/1.1" 404 73 "-" "Mozilla/5.0 (compatible; YandexBot/3.0; +http://yandex.com/bots)" "freehairsecrets.com"
77.88.5.133 - - [21/Feb/2023:02:30:46 -0800] "GET /robots.txt HTTP/1.1" 404 73 "-" "Mozilla/5.0 (compatible; YandexBot/3.0; +http://yandex.com/bots)" "freehairsecrets.com"
93.158.161.73 - - [21/Feb/2023:02:30:50 -0800] "GET / HTTP/1.1" 200 329 "-" "Mozilla/5.0 (compatible; YandexBot/3.0; +http://yandex.com/bots)" "freehairsecrets.com"
77.88.5.27 - - [21/Feb/2023:02:30:50 -0800] "GET / HTTP/1.1" 200 329 "-" "Mozilla/5.0 (compatible; YandexBot/3.0; +http://yandex.com/bots)" "freehairsecrets.com"
93.158.161.51 - - [21/Feb/2023:02:31:31 -0800] "GET /robots.txt HTTP/1.1" 404 73 "-" "Mozilla/5.0 (compatible; YandexBot/3.0; +http://yandex.com/bots)" "www.freehairsecrets.com"
93.158.161.45 - - [21/Feb/2023:02:31:32 -0800] "GET /robots.txt HTTP/1.1" 404 73 "-" "Mozilla/5.0 (compatible; YandexBot/3.0; +http://yandex.com/bots)" "www.freehairsecrets.com"
77.88.5.11 - - [21/Feb/2023:02:31:35 -0800] "GET / HTTP/1.1" 200 329 "-" "Mozilla/5.0 (compatible; YandexBot/3.0; +http://yandex.com/bots)" "www.freehairsecrets.com"
77.88.5.132 - - [21/Feb/2023:02:31:36 -0800] "GET / HTTP/1.1" 200 329 "-" "Mozilla/5.0 (compatible; YandexBot/3.0; +http://yandex.com/bots)" "www.freehairsecrets.com"
93.158.161.49 - - [21/Feb/2023:02:32:59 -0800] "GET / HTTP/1.1" 200 329 "-" "Mozilla/5.0 (compatible; YandexBot/3.0; +http://yandex.com/bots)" "www.freehairsecrets.com"
77.88.5.5 - - [21/Feb/2023:02:33:01 -0800] "GET / HTTP/1.1" 200 329 "-" "Mozilla/5.0 (compatible; YandexBot/3.0; +http://yandex.com/bots)" "www.freehairsecrets.com"
181.214.218.51 - - [21/Feb/2023:02:39:05 -0800] "GET /logs/ HTTP/1.1" 403 239 "https://getery.xyz" "Mozilla/5.0 (Windows NT 6.3; Win64; x64) AppleWebKit/537.36 (KHTML, like Gecko) Chrome/90.0.4430.72 Safari/537.36 Edg/90.0.818.42" "www.freehairsecrets.com"
181.214.218.51 - - [21/Feb/2023:02:39:05 -0800] "GET / HTTP/1.1" 200 558 "https://getery.xyz" "Mozilla/5.0 (Windows NT 6.3; Win64; x64) AppleWebKit/537.36 (KHTML, like Gecko) Chrome/90.0.4430.72 Safari/537.36 Edg/90.0.818.42" "www.freehairsecrets.com"
181.214.218.51 - - [21/Feb/2023:02:39:08 -0800] "GET /logs/ HTTP/1.1" 403 239 "https://getery.xyz" "Mozilla/5.0 (Windows NT 6.3; Win64; x64) AppleWebKit/537.36 (KHTML, like Gecko) Chrome/90.0.4430.85 Safari/537.36" "www.freehairsecrets.com"
181.214.218.51 - - [21/Feb/2023:02:39:08 -0800] "GET / HTTP/1.1" 200 558 "https://getery.xyz" "Mozilla/5.0 (Windows NT 6.3; Win64; x64) AppleWebKit/537.36 (KHTML, like Gecko) Chrome/90.0.4430.85 Safari/537.36" "www.freehairsecrets.com"
181.214.218.51 - - [21/Feb/2023:02:45:34 -0800] "GET /logs/ HTTP/1.1" 403 239 "https://getery.xyz" "Mozilla/5.0 (Windows NT 10.0) AppleWebKit/537.36 (KHTML, like Gecko) Chrome/90.0.4430.85 Safari/537.36 Edg/90.0.818.46" "www.freehairsecrets.com"
181.214.218.51 - - [21/Feb/2023:02:45:34 -0800] "GET / HTTP/1.1" 200 558 "https://getery.xyz" "Mozilla/5.0 (Windows NT 10.0) AppleWebKit/537.36 (KHTML, like Gecko) Chrome/90.0.4430.85 Safari/537.36 Edg/90.0.818.46" "www.freehairsecrets.com"
181.214.218.51 - - [21/Feb/2023:02:45:37 -0800] "GET /logs/ HTTP/1.1" 403 239 "https://getery.xyz" "Mozilla/5.0 (Windows NT 10.0; WOW64) AppleWebKit/537.36 (KHTML, like Gecko) Chrome/90.0.4430.93 Safari/537.36" "www.freehairsecrets.com"
181.214.218.51 - - [21/Feb/2023:02:45:37 -0800] "GET / HTTP/1.1" 200 558 "https://getery.xyz" "Mozilla/5.0 (Windows NT 10.0; WOW64) AppleWebKit/537.36 (KHTML, like Gecko) Chrome/90.0.4430.93 Safari/537.36" "www.freehairsecrets.com"
181.214.218.51 - - [21/Feb/2023:02:49:24 -0800] "GET /logs/ HTTP/1.1" 403 239 "https://getery.xyz" "Mozilla/5.0 (Windows NT 10.0; Win64; x64) AppleWebKit/537.36 (KHTML, like Gecko) Chrome/90.0.4430.85 Safari/537.36" "www.freehairsecrets.com"
181.214.218.51 - - [21/Feb/2023:02:49:24 -0800] "GET / HTTP/1.1" 200 558 "https://getery.xyz" "Mozilla/5.0 (Windows NT 10.0; Win64; x64) AppleWebKit/537.36 (KHTML, like Gecko) Chrome/90.0.4430.85 Safari/537.36" "www.freehairsecrets.com"
181.214.218.51 - - [21/Feb/2023:02:49:26 -0800] "GET /logs/ HTTP/1.1" 403 239 "https://getery.xyz" "Mozilla/5.0 (Windows NT 6.1) AppleWebKit/537.36 (KHTML, like Gecko) Chrome/90.0.4430.72 Safari/537.36" "www.freehairsecrets.com"
181.214.218.51 - - [21/Feb/2023:02:49:27 -0800] "GET / HTTP/1.1" 200 558 "https://getery.xyz" "Mozilla/5.0 (Windows NT 6.1) AppleWebKit/537.36 (KHTML, like Gecko) Chrome/90.0.4430.72 Safari/537.36" "www.freehairsecrets.com"
181.214.218.51 - - [21/Feb/2023:02:51:47 -0800] "GET /logs/ HTTP/1.1" 403 239 "https://getery.xyz" "Mozilla/5.0 (Windows NT 6.1) AppleWebKit/537.36 (KHTML, like Gecko) Chrome/90.0.4430.72 Safari/537.36" "www.freehairsecrets.com"
181.214.218.51 - - [21/Feb/2023:02:51:48 -0800] "GET / HTTP/1.1" 200 558 "https://getery.xyz" "Mozilla/5.0 (Windows NT 6.1) AppleWebKit/537.36 (KHTML, like Gecko) Chrome/90.0.4430.72 Safari/537.36" "www.freehairsecrets.com"
181.214.218.51 - - [21/Feb/2023:02:51:50 -0800] "GET /logs/ HTTP/1.1" 403 239 "https://getery.xyz" "Mozilla/5.0 (Windows NT 10.0; Win64; x64) AppleWebKit/537.36 (KHTML, like Gecko) Chrome/90.0.4430.93 Safari/537.36" "www.freehairsecrets.com"
181.214.218.51 - - [21/Feb/2023:02:51:50 -0800] "GET / HTTP/1.1" 200 558 "https://getery.xyz" "Mozilla/5.0 (Windows NT 10.0; Win64; x64) AppleWebKit/537.36 (KHTML, like Gecko) Chrome/90.0.4430.93 Safari/537.36" "www.freehairsecrets.com"
45.129.99.168 - - [21/Feb/2023:03:09:37 -0800] "GET /logs/ HTTP/1.1" 403 239 "https://france-la.ru/" "Mozilla/5.0 (Windows NT 10.0; Win64; x64) AppleWebKit/537.36 (KHTML, like Gecko) Chrome/90.0.4430.72 Safari/537.36 Edg/90.0.818.39" "www.freehairsecrets.com"
45.129.99.168 - - [21/Feb/2023:03:09:37 -0800] "GET / HTTP/1.1" 200 558 "https://france-la.ru/" "Mozilla/5.0 (Windows NT 10.0; Win64; x64) AppleWebKit/537.36 (KHTML, like Gecko) Chrome/90.0.4430.72 Safari/537.36 Edg/90.0.818.39" "www.freehairsecrets.com"
45.129.99.168 - - [21/Feb/2023:03:25:00 -0800] "GET /logs/ HTTP/1.1" 403 239 "https://france-la.ru/" "Mozilla/5.0 (Windows NT 10.0; Win64; x64) AppleWebKit/537.36 (KHTML, like Gecko) Chrome/90.0.4430.93 Safari/537.36" "www.freehairsecrets.com"
45.129.99.168 - - [21/Feb/2023:03:25:01 -0800] "GET / HTTP/1.1" 200 558 "https://france-la.ru/" "Mozilla/5.0 (Windows NT 10.0; Win64; x64) AppleWebKit/537.36 (KHTML, like Gecko) Chrome/90.0.4430.93 Safari/537.36" "www.freehairsecrets.com"
118.184.177.106 - - [21/Feb/2023:03:37:16 -0800] "GET / HTTP/1.1" 200 329 "-" "Sogou web spider/4.0(+http://www.sogou.com/docs/help/webmasters.htm#07)" "www.freehairsecrets.com"
181.214.218.51 - - [21/Feb/2023:04:29:58 -0800] "GET /logs/ HTTP/1.1" 403 239 "https://getery.xyz" "Mozilla/5.0 (Windows NT 10.0; Win64; x64) AppleWebKit/537.36 (KHTML, like Gecko) Chrome/90.0.4430.85 Safari/537.36 Edg/90.0.818.49" "www.freehairsecrets.com"
181.214.218.51 - - [21/Feb/2023:04:29:59 -0800] "GET / HTTP/1.1" 200 558 "https://getery.xyz" "Mozilla/5.0 (Windows NT 10.0; Win64; x64) AppleWebKit/537.36 (KHTML, like Gecko) Chrome/90.0.4430.85 Safari/537.36 Edg/90.0.818.49" "www.freehairsecrets.com"
181.214.218.51 - - [21/Feb/2023:04:30:01 -0800] "GET /logs/ HTTP/1.1" 403 239 "https://getery.xyz" "Mozilla/5.0 (Windows NT 6.1; WOW64) AppleWebKit/537.36 (KHTML, like Gecko) Chrome/90.0.4430.85 Safari/537.36" "www.freehairsecrets.com"
181.214.218.51 - - [21/Feb/2023:04:30:01 -0800] "GET / HTTP/1.1" 200 558 "https://getery.xyz" "Mozilla/5.0 (Windows NT 6.1; WOW64) AppleWebKit/537.36 (KHTML, like Gecko) Chrome/90.0.4430.85 Safari/537.36" "www.freehairsecrets.com"
181.214.218.51 - - [21/Feb/2023:04:30:16 -0800] "GET /logs/ HTTP/1.1" 403 239 "https://getery.xyz" "Mozilla/5.0 (Windows NT 6.3; Win64; x64) AppleWebKit/537.36 (KHTML, like Gecko) Chrome/90.0.4430.72 Safari/537.36" "www.freehairsecrets.com"
181.214.218.51 - - [21/Feb/2023:04:30:17 -0800] "GET / HTTP/1.1" 200 558 "https://getery.xyz" "Mozilla/5.0 (Windows NT 6.3; Win64; x64) AppleWebKit/537.36 (KHTML, like Gecko) Chrome/90.0.4430.72 Safari/537.36" "www.freehairsecrets.com"
181.214.218.51 - - [21/Feb/2023:04:30:19 -0800] "GET /logs/ HTTP/1.1" 403 239 "https://getery.xyz" "Mozilla/5.0 (Windows NT 6.2; Win64; x64) AppleWebKit/537.36 (KHTML, like Gecko) Chrome/90.0.4430.93 Safari/537.36" "www.freehairsecrets.com"
181.214.218.51 - - [21/Feb/2023:04:30:19 -0800] "GET / HTTP/1.1" 200 558 "https://getery.xyz" "Mozilla/5.0 (Windows NT 6.2; Win64; x64) AppleWebKit/537.36 (KHTML, like Gecko) Chrome/90.0.4430.93 Safari/537.36" "www.freehairsecrets.com"
54.36.148.50 - - [21/Feb/2023:04:34:31 -0800] "GET /robots.txt HTTP/1.1" 404 88 "-" "Mozilla/5.0 (compatible; AhrefsBot/7.0; +http://ahrefs.com/robot/)" "freehairsecrets.com"
51.222.253.13 - - [21/Feb/2023:04:34:33 -0800] "GET / HTTP/1.1" 200 329 "-" "Mozilla/5.0 (compatible; AhrefsBot/7.0; +http://ahrefs.com/robot/)" "freehairsecrets.com"
181.214.218.51 - - [21/Feb/2023:04:45:56 -0800] "GET /logs/ HTTP/1.1" 403 239 "https://getery.xyz" "Mozilla/5.0 (Windows NT 10.0) AppleWebKit/537.36 (KHTML, like Gecko) Chrome/90.0.4430.85 Safari/537.36" "www.freehairsecrets.com"
181.214.218.51 - - [21/Feb/2023:04:45:57 -0800] "GET / HTTP/1.1" 200 558 "https://getery.xyz" "Mozilla/5.0 (Windows NT 10.0) AppleWebKit/537.36 (KHTML, like Gecko) Chrome/90.0.4430.85 Safari/537.36" "www.freehairsecrets.com"
181.214.218.51 - - [21/Feb/2023:04:45:59 -0800] "GET /logs/ HTTP/1.1" 403 239 "https://getery.xyz" "Mozilla/5.0 (Windows NT 10.0) AppleWebKit/537.36 (KHTML, like Gecko) Chrome/90.0.4430.72 Safari/537.36" "www.freehairsecrets.com"
181.214.218.51 - - [21/Feb/2023:04:46:00 -0800] "GET / HTTP/1.1" 200 558 "https://getery.xyz" "Mozilla/5.0 (Windows NT 10.0) AppleWebKit/537.36 (KHTML, like Gecko) Chrome/90.0.4430.72 Safari/537.36" "www.freehairsecrets.com"
181.214.218.51 - - [21/Feb/2023:05:09:14 -0800] "GET /logs/ HTTP/1.1" 403 239 "https://getery.xyz" "Mozilla/5.0 (Windows NT 10.0; Win64; x64) AppleWebKit/537.36 (KHTML, like Gecko) Chrome/90.0.4430.85 Safari/537.36 Edg/90.0.818.49" "www.freehairsecrets.com"
181.214.218.51 - - [21/Feb/2023:05:09:14 -0800] "GET / HTTP/1.1" 200 558 "https://getery.xyz" "Mozilla/5.0 (Windows NT 10.0; Win64; x64) AppleWebKit/537.36 (KHTML, like Gecko) Chrome/90.0.4430.85 Safari/537.36 Edg/90.0.818.49" "www.freehairsecrets.com"
181.214.218.51 - - [21/Feb/2023:05:09:17 -0800] "GET /logs/ HTTP/1.1" 403 239 "https://getery.xyz" "Mozilla/5.0 (Windows NT 6.1; ) AppleWebKit/537.36 (KHTML, like Gecko) Chrome/90.0.4430.72 Safari/537.36" "www.freehairsecrets.com"
181.214.218.51 - - [21/Feb/2023:05:09:17 -0800] "GET / HTTP/1.1" 200 558 "https://getery.xyz" "Mozilla/5.0 (Windows NT 6.1; ) AppleWebKit/537.36 (KHTML, like Gecko) Chrome/90.0.4430.72 Safari/537.36" "www.freehairsecrets.com"
61.135.159.154 - - [21/Feb/2023:05:16:15 -0800] "GET / HTTP/1.1" 200 329 "-" "Sogou web spider/4.0(+http://www.sogou.com/docs/help/webmasters.htm#07)" "www.freehairsecrets.com"
45.129.99.168 - - [21/Feb/2023:05:20:30 -0800] "GET /logs/ HTTP/1.1" 403 239 "https://france-la.ru/" "Mozilla/5.0 (Windows NT 6.2; Win64; x64) AppleWebKit/537.36 (KHTML, like Gecko) Chrome/90.0.4430.72 Safari/537.36" "www.freehairsecrets.com"
45.129.99.168 - - [21/Feb/2023:05:20:31 -0800] "GET / HTTP/1.1" 200 558 "https://france-la.ru/" "Mozilla/5.0 (Windows NT 6.2; Win64; x64) AppleWebKit/537.36 (KHTML, like Gecko) Chrome/90.0.4430.72 Safari/537.36" "www.freehairsecrets.com"
34.138.75.222 - - [21/Feb/2023:05:27:39 -0800] "GET /robots.txt HTTP/1.1" 404 88 "-" "ZoominfoBot (zoominfobot at zoominfo dot com)" "www.freehairsecrets.com"
34.138.75.222 - - [21/Feb/2023:05:27:39 -0800] "GET /freehairsecretsphp/ HTTP/1.1" 200 333 "-" "ZoominfoBot (zoominfobot at zoominfo dot com)" "www.freehairsecrets.com"
34.138.75.222 - - [21/Feb/2023:05:37:45 -0800] "GET /robots.txt HTTP/1.1" 404 88 "-" "ZoominfoBot (zoominfobot at zoominfo dot com)" "freehairsecrets.com"
34.138.75.222 - - [21/Feb/2023:05:37:45 -0800] "GET /?C=S;O=A HTTP/1.1" 200 329 "-" "ZoominfoBot (zoominfobot at zoominfo dot com)" "freehairsecrets.com"
45.129.99.168 - - [21/Feb/2023:05:42:38 -0800] "GET /logs/ HTTP/1.1" 403 239 "https://france-la.ru/" "Mozilla/5.0 (Windows NT 6.1; ) AppleWebKit/537.36 (KHTML, like Gecko) Chrome/90.0.4430.85 Safari/537.36" "www.freehairsecrets.com"
45.129.99.168 - - [21/Feb/2023:05:42:39 -0800] "GET / HTTP/1.1" 200 558 "https://france-la.ru/" "Mozilla/5.0 (Windows NT 6.1; ) AppleWebKit/537.36 (KHTML, like Gecko) Chrome/90.0.4430.85 Safari/537.36" "www.freehairsecrets.com"
34.138.75.222 - - [21/Feb/2023:05:44:36 -0800] "GET /?C=D;O=A HTTP/1.1" 200 329 "-" "ZoominfoBot (zoominfobot at zoominfo dot com)" "freehairsecrets.com"
45.129.99.168 - - [21/Feb/2023:05:47:03 -0800] "GET /logs/ HTTP/1.1" 403 239 "https://france-la.ru/" "Mozilla/5.0 (Windows NT 10.0; Win64; x64) AppleWebKit/537.36 (KHTML, like Gecko) Chrome/90.0.4430.85 Safari/537.36 Edg/90.0.818.49" "www.freehairsecrets.com"
45.129.99.168 - - [21/Feb/2023:05:47:04 -0800] "GET / HTTP/1.1" 200 558 "https://france-la.ru/" "Mozilla/5.0 (Windows NT 10.0; Win64; x64) AppleWebKit/537.36 (KHTML, like Gecko) Chrome/90.0.4430.85 Safari/537.36 Edg/90.0.818.49" "www.freehairsecrets.com"
181.214.218.51 - - [21/Feb/2023:05:48:43 -0800] "GET /logs/ HTTP/1.1" 403 239 "https://getery.xyz" "Mozilla/5.0 (Windows NT 10.0; WOW64) AppleWebKit/537.36 (KHTML, like Gecko) Chrome/90.0.4430.93 Safari/537.36" "www.freehairsecrets.com"
181.214.218.51 - - [21/Feb/2023:05:48:43 -0800] "GET / HTTP/1.1" 200 558 "https://getery.xyz" "Mozilla/5.0 (Windows NT 10.0; WOW64) AppleWebKit/537.36 (KHTML, like Gecko) Chrome/90.0.4430.93 Safari/537.36" "www.freehairsecrets.com"
181.214.218.51 - - [21/Feb/2023:05:48:46 -0800] "GET /logs/ HTTP/1.1" 403 239 "https://getery.xyz" "Mozilla/5.0 (Windows NT 6.1) AppleWebKit/537.36 (KHTML, like Gecko) Chrome/90.0.4430.93 Safari/537.36" "www.freehairsecrets.com"
181.214.218.51 - - [21/Feb/2023:05:48:46 -0800] "GET / HTTP/1.1" 200 558 "https://getery.xyz" "Mozilla/5.0 (Windows NT 6.1) AppleWebKit/537.36 (KHTML, like Gecko) Chrome/90.0.4430.93 Safari/537.36" "www.freehairsecrets.com"
45.129.99.168 - - [21/Feb/2023:05:53:33 -0800] "GET /logs/ HTTP/1.1" 403 239 "https://france-la.ru/" "Mozilla/5.0 (Windows NT 6.1; Win64; x64) AppleWebKit/537.36 (KHTML, like Gecko) Chrome/90.0.4430.93 Safari/537.36" "www.freehairsecrets.com"
45.129.99.168 - - [21/Feb/2023:05:53:33 -0800] "GET / HTTP/1.1" 200 558 "https://france-la.ru/" "Mozilla/5.0 (Windows NT 6.1; Win64; x64) AppleWebKit/537.36 (KHTML, like Gecko) Chrome/90.0.4430.93 Safari/537.36" "www.freehairsecrets.com"
62.182.80.34 - - [21/Feb/2023:06:01:34 -0800] "GET /components/com_creativecontactform/fileupload/index.php?file=trg3hf.jpg HTTP/1.1" 404 73 "-" "ALittle Client" "freehairsecrets.com"
35.167.89.195 - - [21/Feb/2023:06:06:00 -0800] "GET / HTTP/1.1" 200 329 "-" "Mozilla/5.0 (X11; Linux x86_64) AppleWebKit/537.36 (KHTML, like Gecko) Chrome/83.0.4103.97 Safari/537.36" "freehairsecrets.com"
34.209.67.96 - - [21/Feb/2023:06:06:03 -0800] "GET / HTTP/1.1" 200 329 "-" "Mozilla/5.0 (X11; Linux x86_64) AppleWebKit/537.36 (KHTML, like Gecko) Chrome/83.0.4103.97 Safari/537.36" "freehairsecrets.com"
34.208.112.74 - - [21/Feb/2023:06:06:28 -0800] "GET /favicon.ico HTTP/1.1" 404 88 "-" "Mozilla/5.0 (X11; Linux x86_64) AppleWebKit/537.36 (KHTML, like Gecko) Chrome/83.0.4103.97 Safari/537.36" "freehairsecrets.com"
34.208.112.74 - - [21/Feb/2023:06:06:30 -0800] "GET / HTTP/1.1" 200 329 "-" "Mozilla/5.0 (X11; Linux x86_64) AppleWebKit/537.36 (KHTML, like Gecko) Chrome/83.0.4103.97 Safari/537.36" "freehairsecrets.com"
54.245.163.38 - - [21/Feb/2023:06:06:37 -0800] "GET /favicon.ico HTTP/1.1" 404 88 "-" "Mozilla/5.0 (X11; Linux x86_64) AppleWebKit/537.36 (KHTML, like Gecko) Chrome/83.0.4103.97 Safari/537.36" "freehairsecrets.com"
54.245.163.38 - - [21/Feb/2023:06:06:39 -0800] "GET / HTTP/1.1" 200 329 "-" "Mozilla/5.0 (X11; Linux x86_64) AppleWebKit/537.36 (KHTML, like Gecko) Chrome/83.0.4103.97 Safari/537.36" "freehairsecrets.com"
45.129.99.168 - - [21/Feb/2023:06:17:17 -0800] "GET /logs/ HTTP/1.1" 403 239 "https://france-la.ru/" "Mozilla/5.0 (Windows NT 10.0; Win64; x64) AppleWebKit/537.36 (KHTML, like Gecko) Chrome/90.0.4430.72 Safari/537.36 Edg/90.0.818.42" "www.freehairsecrets.com"
45.129.99.168 - - [21/Feb/2023:06:17:17 -0800] "GET / HTTP/1.1" 200 558 "https://france-la.ru/" "Mozilla/5.0 (Windows NT 10.0; Win64; x64) AppleWebKit/537.36 (KHTML, like Gecko) Chrome/90.0.4430.72 Safari/537.36 Edg/90.0.818.42" "www.freehairsecrets.com"
35.91.157.97 - - [21/Feb/2023:06:21:12 -0800] "GET / HTTP/1.1" 200 329 "-" "Mozilla/5.0 (Windows NT 10.0; Win64; x64)AppleWebKit/537.36 (KHTML, like Gecko) Chrome/66.0.3359.181 Safari/537.36" "freehairsecrets.com"
93.158.161.45 - - [21/Feb/2023:06:22:28 -0800] "GET /robots.txt HTTP/1.1" 404 73 "-" "Mozilla/5.0 (compatible; YandexBot/3.0; +http://yandex.com/bots)" "freehairsecrets.com"
77.88.5.215 - - [21/Feb/2023:06:22:33 -0800] "GET / HTTP/1.1" 200 329 "-" "Mozilla/5.0 (compatible; YandexBot/3.0; +http://yandex.com/bots)" "freehairsecrets.com"
34.138.75.222 - - [21/Feb/2023:06:23:54 -0800] "GET /freehairsecretsphp/ HTTP/1.1" 200 333 "-" "ZoominfoBot (zoominfobot at zoominfo dot com)" "freehairsecrets.com"
181.214.218.51 - - [21/Feb/2023:06:24:39 -0800] "GET /logs/ HTTP/1.1" 403 239 "https://getery.xyz" "Mozilla/5.0 (Windows NT 10.0; WOW64) AppleWebKit/537.36 (KHTML, like Gecko) Chrome/90.0.4430.93 Safari/537.36" "www.freehairsecrets.com"
181.214.218.51 - - [21/Feb/2023:06:24:40 -0800] "GET / HTTP/1.1" 200 558 "https://getery.xyz" "Mozilla/5.0 (Windows NT 10.0; WOW64) AppleWebKit/537.36 (KHTML, like Gecko) Chrome/90.0.4430.93 Safari/537.36" "www.freehairsecrets.com"
181.214.218.51 - - [21/Feb/2023:06:24:42 -0800] "GET /logs/ HTTP/1.1" 403 239 "https://getery.xyz" "Mozilla/5.0 (Windows NT 10.0; Win64; x64) AppleWebKit/537.36 (KHTML, like Gecko) Chrome/90.0.4430.85 Safari/537.36" "www.freehairsecrets.com"
181.214.218.51 - - [21/Feb/2023:06:24:42 -0800] "GET / HTTP/1.1" 200 558 "https://getery.xyz" "Mozilla/5.0 (Windows NT 10.0; Win64; x64) AppleWebKit/537.36 (KHTML, like Gecko) Chrome/90.0.4430.85 Safari/537.36" "www.freehairsecrets.com"
54.202.31.133 - - [21/Feb/2023:06:33:39 -0800] "GET / HTTP/1.1" 200 329 "-" "Mozilla/5.0 (X11; Linux x86_64) AppleWebKit/537.36 (KHTML, like Gecko) Chrome/83.0.4103.97 Safari/537.36" "freehairsecrets.com"
35.90.60.180 - - [21/Feb/2023:06:33:59 -0800] "GET / HTTP/1.1" 200 329 "-" "Mozilla/5.0 (X11; Linux x86_64) AppleWebKit/537.36 (KHTML, like Gecko) Chrome/83.0.4103.97 Safari/537.36" "freehairsecrets.com"
54.203.21.126 - - [21/Feb/2023:06:35:10 -0800] "GET / HTTP/1.1" 200 329 "-" "Mozilla/5.0 (X11; Linux x86_64) AppleWebKit/537.36 (KHTML, like Gecko) Chrome/83.0.4103.97 Safari/537.36" "freehairsecrets.com"
35.90.60.180 - - [21/Feb/2023:06:35:59 -0800] "GET /favicon.ico HTTP/1.1" 404 88 "-" "Mozilla/5.0 (X11; Linux x86_64) AppleWebKit/537.36 (KHTML, like Gecko) Chrome/83.0.4103.97 Safari/537.36" "freehairsecrets.com"
35.90.60.180 - - [21/Feb/2023:06:36:02 -0800] "GET / HTTP/1.1" 200 329 "-" "Mozilla/5.0 (X11; Linux x86_64) AppleWebKit/537.36 (KHTML, like Gecko) Chrome/83.0.4103.97 Safari/537.36" "freehairsecrets.com"
35.88.10.127 - - [21/Feb/2023:06:36:05 -0800] "GET /favicon.ico HTTP/1.1" 404 88 "-" "Mozilla/5.0 (X11; Linux x86_64) AppleWebKit/537.36 (KHTML, like Gecko) Chrome/83.0.4103.97 Safari/537.36" "freehairsecrets.com"
35.88.10.127 - - [21/Feb/2023:06:36:06 -0800] "GET / HTTP/1.1" 200 329 "-" "Mozilla/5.0 (X11; Linux x86_64) AppleWebKit/537.36 (KHTML, like Gecko) Chrome/83.0.4103.97 Safari/537.36" "freehairsecrets.com"
34.214.108.31 - - [21/Feb/2023:06:39:40 -0800] "GET / HTTP/1.1" 200 329 "-" "Mozilla/5.0 (X11; Linux x86_64) AppleWebKit/537.36 (KHTML, like Gecko) Chrome/83.0.4103.97 Safari/537.36" "freehairsecrets.com"
54.218.33.168 - - [21/Feb/2023:06:39:59 -0800] "GET / HTTP/1.1" 200 329 "-" "Mozilla/5.0 (X11; Linux x86_64) AppleWebKit/537.36 (KHTML, like Gecko) Chrome/83.0.4103.97 Safari/537.36" "freehairsecrets.com"
54.184.142.60 - - [21/Feb/2023:06:40:30 -0800] "GET /favicon.ico HTTP/1.1" 404 88 "-" "Mozilla/5.0 (X11; Linux x86_64) AppleWebKit/537.36 (KHTML, like Gecko) Chrome/83.0.4103.97 Safari/537.36" "freehairsecrets.com"
54.184.142.60 - - [21/Feb/2023:06:40:34 -0800] "GET / HTTP/1.1" 200 329 "-" "Mozilla/5.0 (X11; Linux x86_64) AppleWebKit/537.36 (KHTML, like Gecko) Chrome/83.0.4103.97 Safari/537.36" "freehairsecrets.com"
34.220.214.39 - - [21/Feb/2023:06:40:41 -0800] "GET /favicon.ico HTTP/1.1" 404 88 "-" "Mozilla/5.0 (X11; Linux x86_64) AppleWebKit/537.36 (KHTML, like Gecko) Chrome/83.0.4103.97 Safari/537.36" "freehairsecrets.com"
34.220.214.39 - - [21/Feb/2023:06:40:44 -0800] "GET / HTTP/1.1" 200 329 "-" "Mozilla/5.0 (X11; Linux x86_64) AppleWebKit/537.36 (KHTML, like Gecko) Chrome/83.0.4103.97 Safari/537.36" "freehairsecrets.com"
45.129.99.168 - - [21/Feb/2023:06:59:58 -0800] "GET /logs/ HTTP/1.1" 403 239 "https://france-la.ru/" "Mozilla/5.0 (Windows NT 10.0; Win64; x64) AppleWebKit/537.36 (KHTML, like Gecko) Chrome/90.0.4430.72 Safari/537.36" "www.freehairsecrets.com"
45.129.99.168 - - [21/Feb/2023:06:59:58 -0800] "GET / HTTP/1.1" 200 558 "https://france-la.ru/" "Mozilla/5.0 (Windows NT 10.0; Win64; x64) AppleWebKit/537.36 (KHTML, like Gecko) Chrome/90.0.4430.72 Safari/537.36" "www.freehairsecrets.com"
45.129.99.168 - - [21/Feb/2023:07:10:48 -0800] "GET /logs/ HTTP/1.1" 403 239 "https://france-la.ru/" "Mozilla/5.0 (Windows NT 6.1) AppleWebKit/537.36 (KHTML, like Gecko) Chrome/90.0.4430.93 Safari/537.36" "www.freehairsecrets.com"
45.129.99.168 - - [21/Feb/2023:07:10:48 -0800] "GET / HTTP/1.1" 200 558 "https://france-la.ru/" "Mozilla/5.0 (Windows NT 6.1) AppleWebKit/537.36 (KHTML, like Gecko) Chrome/90.0.4430.93 Safari/537.36" "www.freehairsecrets.com"
181.214.218.51 - - [21/Feb/2023:07:13:02 -0800] "GET /logs/ HTTP/1.1" 403 239 "https://getery.xyz" "Mozilla/5.0 (Windows NT 10.0) AppleWebKit/537.36 (KHTML, like Gecko) Chrome/90.0.4430.93 Safari/537.36" "www.freehairsecrets.com"
181.214.218.51 - - [21/Feb/2023:07:13:02 -0800] "GET / HTTP/1.1" 200 558 "https://getery.xyz" "Mozilla/5.0 (Windows NT 10.0) AppleWebKit/537.36 (KHTML, like Gecko) Chrome/90.0.4430.93 Safari/537.36" "www.freehairsecrets.com"
181.214.218.51 - - [21/Feb/2023:07:13:05 -0800] "GET /logs/ HTTP/1.1" 403 239 "https://getery.xyz" "Mozilla/5.0 (Windows NT 6.3; Win64; x64) AppleWebKit/537.36 (KHTML, like Gecko) Chrome/90.0.4430.85 Safari/537.36" "www.freehairsecrets.com"
181.214.218.51 - - [21/Feb/2023:07:13:05 -0800] "GET / HTTP/1.1" 200 558 "https://getery.xyz" "Mozilla/5.0 (Windows NT 6.3; Win64; x64) AppleWebKit/537.36 (KHTML, like Gecko) Chrome/90.0.4430.85 Safari/537.36" "www.freehairsecrets.com"
123.125.109.103 - - [21/Feb/2023:07:13:51 -0800] "GET / HTTP/1.1" 200 329 "-" "Sogou web spider/4.0(+http://www.sogou.com/docs/help/webmasters.htm#07)" "www.freehairsecrets.com"
181.214.218.51 - - [21/Feb/2023:07:17:57 -0800] "GET /logs/ HTTP/1.1" 403 239 "https://getery.xyz" "Mozilla/5.0 (Windows NT 6.1; WOW64) AppleWebKit/537.36 (KHTML, like Gecko) Chrome/90.0.4430.93 Safari/537.36" "www.freehairsecrets.com"
181.214.218.51 - - [21/Feb/2023:07:17:58 -0800] "GET / HTTP/1.1" 200 558 "https://getery.xyz" "Mozilla/5.0 (Windows NT 6.1; WOW64) AppleWebKit/537.36 (KHTML, like Gecko) Chrome/90.0.4430.93 Safari/537.36" "www.freehairsecrets.com"
181.214.218.51 - - [21/Feb/2023:07:18:00 -0800] "GET /logs/ HTTP/1.1" 403 239 "https://getery.xyz" "Mozilla/5.0 (Windows NT 6.1) AppleWebKit/537.36 (KHTML, like Gecko) Chrome/90.0.4430.85 Safari/537.36" "www.freehairsecrets.com"
181.214.218.51 - - [21/Feb/2023:07:18:00 -0800] "GET / HTTP/1.1" 200 558 "https://getery.xyz" "Mozilla/5.0 (Windows NT 6.1) AppleWebKit/537.36 (KHTML, like Gecko) Chrome/90.0.4430.85 Safari/537.36" "www.freehairsecrets.com"
45.129.99.168 - - [21/Feb/2023:07:22:28 -0800] "GET /logs/ HTTP/1.1" 403 239 "https://france-la.ru/" "Mozilla/5.0 (Windows NT 10.0; Win64; x64) AppleWebKit/537.36 (KHTML, like Gecko) Chrome/90.0.4430.86 Safari/537.36" "www.freehairsecrets.com"
45.129.99.168 - - [21/Feb/2023:07:22:28 -0800] "GET / HTTP/1.1" 200 558 "https://france-la.ru/" "Mozilla/5.0 (Windows NT 10.0; Win64; x64) AppleWebKit/537.36 (KHTML, like Gecko) Chrome/90.0.4430.86 Safari/537.36" "www.freehairsecrets.com"
34.138.75.222 - - [21/Feb/2023:07:29:46 -0800] "GET /?C=N;O=D HTTP/1.1" 200 327 "-" "ZoominfoBot (zoominfobot at zoominfo dot com)" "www.freehairsecrets.com"
181.214.218.51 - - [21/Feb/2023:07:52:43 -0800] "GET /logs/ HTTP/1.1" 403 239 "https://getery.xyz" "Mozilla/5.0 (Windows NT 10.0) AppleWebKit/537.36 (KHTML, like Gecko) Chrome/90.0.4430.85 Safari/537.36 Edg/90.0.818.46" "www.freehairsecrets.com"
181.214.218.51 - - [21/Feb/2023:07:52:43 -0800] "GET / HTTP/1.1" 200 558 "https://getery.xyz" "Mozilla/5.0 (Windows NT 10.0) AppleWebKit/537.36 (KHTML, like Gecko) Chrome/90.0.4430.85 Safari/537.36 Edg/90.0.818.46" "www.freehairsecrets.com"
181.214.218.51 - - [21/Feb/2023:07:52:45 -0800] "GET /logs/ HTTP/1.1" 403 239 "https://getery.xyz" "Mozilla/5.0 (Windows NT 6.2; Win64; x64) AppleWebKit/537.36 (KHTML, like Gecko) Chrome/90.0.4430.72 Safari/537.36" "www.freehairsecrets.com"
181.214.218.51 - - [21/Feb/2023:07:52:46 -0800] "GET / HTTP/1.1" 200 558 "https://getery.xyz" "Mozilla/5.0 (Windows NT 6.2; Win64; x64) AppleWebKit/537.36 (KHTML, like Gecko) Chrome/90.0.4430.72 Safari/537.36" "www.freehairsecrets.com"
51.222.253.9 - - [21/Feb/2023:08:07:00 -0800] "GET /robots.txt HTTP/1.1" 404 88 "-" "Mozilla/5.0 (compatible; AhrefsBot/7.0; +http://ahrefs.com/robot/)" "freehairsecrets.com"
51.222.253.4 - - [21/Feb/2023:08:07:01 -0800] "GET / HTTP/1.1" 200 329 "-" "Mozilla/5.0 (compatible; AhrefsBot/7.0; +http://ahrefs.com/robot/)" "freehairsecrets.com"
181.214.218.51 - - [21/Feb/2023:08:09:58 -0800] "GET /logs/ HTTP/1.1" 403 239 "https://getery.xyz" "Mozilla/5.0 (Windows NT 6.3; Win64; x64) AppleWebKit/537.36 (KHTML, like Gecko) Chrome/90.0.4430.72 Safari/537.36" "www.freehairsecrets.com"
181.214.218.51 - - [21/Feb/2023:08:09:58 -0800] "GET / HTTP/1.1" 200 558 "https://getery.xyz" "Mozilla/5.0 (Windows NT 6.3; Win64; x64) AppleWebKit/537.36 (KHTML, like Gecko) Chrome/90.0.4430.72 Safari/537.36" "www.freehairsecrets.com"
181.214.218.51 - - [21/Feb/2023:08:10:00 -0800] "GET /logs/ HTTP/1.1" 403 239 "https://getery.xyz" "Mozilla/5.0 (Windows NT 6.1) AppleWebKit/537.36 (KHTML, like Gecko) Chrome/90.0.4430.72 Safari/537.36" "www.freehairsecrets.com"
181.214.218.51 - - [21/Feb/2023:08:10:01 -0800] "GET / HTTP/1.1" 200 558 "https://getery.xyz" "Mozilla/5.0 (Windows NT 6.1) AppleWebKit/537.36 (KHTML, like Gecko) Chrome/90.0.4430.72 Safari/537.36" "www.freehairsecrets.com"
45.129.99.168 - - [21/Feb/2023:08:10:37 -0800] "GET /logs/ HTTP/1.1" 403 239 "https://france-la.ru/" "Mozilla/5.0 (Windows NT 6.1; Win64; x64) AppleWebKit/537.36 (KHTML, like Gecko) Chrome/90.0.4430.85 Safari/537.36 Edg/90.0.818.49" "www.freehairsecrets.com"
45.129.99.168 - - [21/Feb/2023:08:10:37 -0800] "GET / HTTP/1.1" 200 558 "https://france-la.ru/" "Mozilla/5.0 (Windows NT 6.1; Win64; x64) AppleWebKit/537.36 (KHTML, like Gecko) Chrome/90.0.4430.85 Safari/537.36 Edg/90.0.818.49" "www.freehairsecrets.com"
118.184.177.107 - - [21/Feb/2023:08:18:19 -0800] "GET / HTTP/1.1" 200 329 "-" "Sogou web spider/4.0(+http://www.sogou.com/docs/help/webmasters.htm#07)" "www.freehairsecrets.com"
45.129.99.168 - - [21/Feb/2023:08:19:33 -0800] "GET /logs/ HTTP/1.1" 403 239 "https://france-la.ru/" "Mozilla/5.0 (Windows NT 10.0) AppleWebKit/537.36 (KHTML, like Gecko) Chrome/90.0.4430.85 Safari/537.36 Edg/90.0.818.46" "www.freehairsecrets.com"
45.129.99.168 - - [21/Feb/2023:08:19:34 -0800] "GET / HTTP/1.1" 200 558 "https://france-la.ru/" "Mozilla/5.0 (Windows NT 10.0) AppleWebKit/537.36 (KHTML, like Gecko) Chrome/90.0.4430.85 Safari/537.36 Edg/90.0.818.46" "www.freehairsecrets.com"
181.214.218.51 - - [21/Feb/2023:08:21:47 -0800] "GET /logs/ HTTP/1.1" 403 239 "https://getery.xyz" "Mozilla/5.0 (Windows NT 6.2; Win64; x64) AppleWebKit/537.36 (KHTML, like Gecko) Chrome/90.0.4430.93 Safari/537.36" "www.freehairsecrets.com"
181.214.218.51 - - [21/Feb/2023:08:21:47 -0800] "GET / HTTP/1.1" 200 558 "https://getery.xyz" "Mozilla/5.0 (Windows NT 6.2; Win64; x64) AppleWebKit/537.36 (KHTML, like Gecko) Chrome/90.0.4430.93 Safari/537.36" "www.freehairsecrets.com"
181.214.218.51 - - [21/Feb/2023:08:21:49 -0800] "GET /logs/ HTTP/1.1" 403 239 "https://getery.xyz" "Mozilla/5.0 (Windows NT 6.1) AppleWebKit/537.36 (KHTML, like Gecko) Chrome/90.0.4430.72 Safari/537.36" "www.freehairsecrets.com"
181.214.218.51 - - [21/Feb/2023:08:21:50 -0800] "GET / HTTP/1.1" 200 558 "https://getery.xyz" "Mozilla/5.0 (Windows NT 6.1) AppleWebKit/537.36 (KHTML, like Gecko) Chrome/90.0.4430.72 Safari/537.36" "www.freehairsecrets.com"
93.158.161.73 - - [21/Feb/2023:08:25:47 -0800] "GET /robots.txt HTTP/1.1" 404 73 "-" "Mozilla/5.0 (compatible; YandexBot/3.0; +http://yandex.com/bots)" "www.freehairsecrets.com"
93.158.161.73 - - [21/Feb/2023:08:25:50 -0800] "GET / HTTP/1.1" 200 329 "-" "Mozilla/5.0 (compatible; YandexBot/3.0; +http://yandex.com/bots)" "www.freehairsecrets.com"
45.129.99.168 - - [21/Feb/2023:08:25:57 -0800] "GET /logs/ HTTP/1.1" 403 239 "https://france-la.ru/" "Mozilla/5.0 (Windows NT 6.3; Win64; x64) AppleWebKit/537.36 (KHTML, like Gecko) Chrome/90.0.4430.72 Safari/537.36" "www.freehairsecrets.com"
45.129.99.168 - - [21/Feb/2023:08:25:58 -0800] "GET / HTTP/1.1" 200 558 "https://france-la.ru/" "Mozilla/5.0 (Windows NT 6.3; Win64; x64) AppleWebKit/537.36 (KHTML, like Gecko) Chrome/90.0.4430.72 Safari/537.36" "www.freehairsecrets.com"
93.158.161.49 - - [21/Feb/2023:08:26:53 -0800] "GET /robots.txt HTTP/1.1" 404 73 "-" "Mozilla/5.0 (compatible; YandexBot/3.0; +http://yandex.com/bots)" "www.freehairsecrets.com"
93.158.161.68 - - [21/Feb/2023:08:26:54 -0800] "GET /robots.txt HTTP/1.1" 404 73 "-" "Mozilla/5.0 (compatible; YandexBot/3.0; +http://yandex.com/bots)" "freehairsecrets.com"
93.158.161.68 - - [21/Feb/2023:08:27:00 -0800] "GET / HTTP/1.1" 200 329 "-" "Mozilla/5.0 (compatible; YandexBot/3.0; +http://yandex.com/bots)" "www.freehairsecrets.com"
93.158.161.49 - - [21/Feb/2023:08:27:01 -0800] "GET / HTTP/1.1" 200 329 "-" "Mozilla/5.0 (compatible; YandexBot/3.0; +http://yandex.com/bots)" "freehairsecrets.com"
34.138.75.222 - - [21/Feb/2023:08:41:46 -0800] "GET /?C=S;O=A HTTP/1.1" 200 329 "-" "ZoominfoBot (zoominfobot at zoominfo dot com)" "www.freehairsecrets.com"
181.214.218.51 - - [21/Feb/2023:09:08:19 -0800] "GET /logs/ HTTP/1.1" 403 239 "https://getery.xyz" "Mozilla/5.0 (Windows NT 6.1; Win64; x64) AppleWebKit/537.36 (KHTML, like Gecko) Chrome/90.0.4430.85 Safari/537.36" "www.freehairsecrets.com"
181.214.218.51 - - [21/Feb/2023:09:08:19 -0800] "GET / HTTP/1.1" 200 558 "https://getery.xyz" "Mozilla/5.0 (Windows NT 6.1; Win64; x64) AppleWebKit/537.36 (KHTML, like Gecko) Chrome/90.0.4430.85 Safari/537.36" "www.freehairsecrets.com"
181.214.218.51 - - [21/Feb/2023:09:08:22 -0800] "GET /logs/ HTTP/1.1" 403 239 "https://getery.xyz" "Mozilla/5.0 (Windows NT 6.1; ) AppleWebKit/537.36 (KHTML, like Gecko) Chrome/90.0.4430.72 Safari/537.36" "www.freehairsecrets.com"
181.214.218.51 - - [21/Feb/2023:09:08:22 -0800] "GET / HTTP/1.1" 200 558 "https://getery.xyz" "Mozilla/5.0 (Windows NT 6.1; ) AppleWebKit/537.36 (KHTML, like Gecko) Chrome/90.0.4430.72 Safari/537.36" "www.freehairsecrets.com"
34.138.75.222 - - [21/Feb/2023:09:11:19 -0800] "GET /?C=N;O=D HTTP/1.1" 200 327 "-" "ZoominfoBot (zoominfobot at zoominfo dot com)" "freehairsecrets.com"
181.214.218.51 - - [21/Feb/2023:09:18:13 -0800] "GET /logs/ HTTP/1.1" 403 239 "https://getery.xyz" "Mozilla/5.0 (Windows NT 6.3; Win64; x64) AppleWebKit/537.36 (KHTML, like Gecko) Chrome/90.0.4430.85 Safari/537.36 Edg/90.0.818.46" "www.freehairsecrets.com"
181.214.218.51 - - [21/Feb/2023:09:18:13 -0800] "GET / HTTP/1.1" 200 558 "https://getery.xyz" "Mozilla/5.0 (Windows NT 6.3; Win64; x64) AppleWebKit/537.36 (KHTML, like Gecko) Chrome/90.0.4430.85 Safari/537.36 Edg/90.0.818.46" "www.freehairsecrets.com"
181.214.218.51 - - [21/Feb/2023:09:18:15 -0800] "GET /logs/ HTTP/1.1" 403 239 "https://getery.xyz" "Mozilla/5.0 (Windows NT 10.0; Win64; x64) AppleWebKit/537.36 (KHTML, like Gecko) Chrome/90.0.4430.85 Safari/537.36 Edg/90.0.818.49" "www.freehairsecrets.com"
181.214.218.51 - - [21/Feb/2023:09:18:16 -0800] "GET / HTTP/1.1" 200 558 "https://getery.xyz" "Mozilla/5.0 (Windows NT 10.0; Win64; x64) AppleWebKit/537.36 (KHTML, like Gecko) Chrome/90.0.4430.85 Safari/537.36 Edg/90.0.818.49" "www.freehairsecrets.com"
34.138.75.222 - - [21/Feb/2023:09:31:38 -0800] "GET /?C=D;O=A HTTP/1.1" 200 329 "-" "ZoominfoBot (zoominfobot at zoominfo dot com)" "www.freehairsecrets.com"
34.138.75.222 - - [21/Feb/2023:09:39:02 -0800] "GET /?C=M;O=A HTTP/1.1" 200 330 "-" "ZoominfoBot (zoominfobot at zoominfo dot com)" "freehairsecrets.com"
45.129.99.168 - - [21/Feb/2023:09:50:14 -0800] "GET /logs/ HTTP/1.1" 403 239 "https://france-la.ru/" "Mozilla/5.0 (Windows NT 10.0; WOW64) AppleWebKit/537.36 (KHTML, like Gecko) Chrome/90.0.4430.93 Safari/537.36" "www.freehairsecrets.com"
45.129.99.168 - - [21/Feb/2023:09:50:14 -0800] "GET / HTTP/1.1" 200 558 "https://france-la.ru/" "Mozilla/5.0 (Windows NT 10.0; WOW64) AppleWebKit/537.36 (KHTML, like Gecko) Chrome/90.0.4430.93 Safari/537.36" "www.freehairsecrets.com"
45.129.99.168 - - [21/Feb/2023:09:52:13 -0800] "GET /logs/ HTTP/1.1" 403 239 "https://france-la.ru/" "Mozilla/5.0 (Windows NT 10.0; Win64; x64) AppleWebKit/537.36 (KHTML, like Gecko) Chrome/90.0.4430.85 Safari/537.36 Edg/90.0.818.46" "www.freehairsecrets.com"
45.129.99.168 - - [21/Feb/2023:09:52:14 -0800] "GET / HTTP/1.1" 200 558 "https://france-la.ru/" "Mozilla/5.0 (Windows NT 10.0; Win64; x64) AppleWebKit/537.36 (KHTML, like Gecko) Chrome/90.0.4430.85 Safari/537.36 Edg/90.0.818.46" "www.freehairsecrets.com"
34.138.75.222 - - [21/Feb/2023:09:55:32 -0800] "GET /?C=M;O=A HTTP/1.1" 200 330 "-" "ZoominfoBot (zoominfobot at zoominfo dot com)" "www.freehairsecrets.com"
181.214.218.51 - - [21/Feb/2023:10:11:23 -0800] "GET /logs/ HTTP/1.1" 403 239 "https://getery.xyz" "Mozilla/5.0 (Windows NT 10.0; Win64; x64) AppleWebKit/537.36 (KHTML, like Gecko) Chrome/90.0.4430.85 Safari/537.36" "www.freehairsecrets.com"
181.214.218.51 - - [21/Feb/2023:10:11:23 -0800] "GET / HTTP/1.1" 200 558 "https://getery.xyz" "Mozilla/5.0 (Windows NT 10.0; Win64; x64) AppleWebKit/537.36 (KHTML, like Gecko) Chrome/90.0.4430.85 Safari/537.36" "www.freehairsecrets.com"
181.214.218.51 - - [21/Feb/2023:10:11:25 -0800] "GET /logs/ HTTP/1.1" 403 239 "https://getery.xyz" "Mozilla/5.0 (Windows NT 10.0) AppleWebKit/537.36 (KHTML, like Gecko) Chrome/90.0.4430.72 Safari/537.36" "www.freehairsecrets.com"
181.214.218.51 - - [21/Feb/2023:10:11:26 -0800] "GET / HTTP/1.1" 200 558 "https://getery.xyz" "Mozilla/5.0 (Windows NT 10.0) AppleWebKit/537.36 (KHTML, like Gecko) Chrome/90.0.4430.72 Safari/537.36" "www.freehairsecrets.com"
43.153.10.206 - - [21/Feb/2023:10:13:24 -0800] "GET / HTTP/1.1" 200 558 "-" "Mozilla/5.0 (Windows NT 10.0; Win64; x64) AppleWebKit/537.36 (KHTML, like Gecko) Chrome/89.0.4389.114 Safari/537.36" "freehairsecrets.com"
43.153.10.206 - - [21/Feb/2023:10:13:24 -0800] "GET / HTTP/1.1" 200 558 "-" "Mozilla/5.0 (Windows NT 10.0; Win64; x64) AppleWebKit/537.36 (KHTML, like Gecko) Chrome/89.0.4389.114 Safari/537.36" "freehairsecrets.com"
43.153.10.206 - - [21/Feb/2023:10:13:24 -0800] "GET /wp-includes/wlwmanifest.xml HTTP/1.1" 404 73 "-" "Mozilla/5.0 (Windows NT 10.0; Win64; x64) AppleWebKit/537.36 (KHTML, like Gecko) Chrome/89.0.4389.114 Safari/537.36" "freehairsecrets.com"
43.153.10.206 - - [21/Feb/2023:10:13:25 -0800] "GET /xmlrpc.php?rsd HTTP/1.1" 404 73 "-" "Mozilla/5.0 (Windows NT 10.0; Win64; x64) AppleWebKit/537.36 (KHTML, like Gecko) Chrome/89.0.4389.114 Safari/537.36" "freehairsecrets.com"
43.153.10.206 - - [21/Feb/2023:10:13:25 -0800] "GET / HTTP/1.1" 200 558 "-" "Mozilla/5.0 (Windows NT 10.0; Win64; x64) AppleWebKit/537.36 (KHTML, like Gecko) Chrome/89.0.4389.114 Safari/537.36" "freehairsecrets.com"
